{"id":946,"date":"2018-10-15T15:53:04","date_gmt":"2018-10-15T13:53:04","guid":{"rendered":"https:\/\/omsvillejuif.fr\/blog\/?page_id=946"},"modified":"2019-06-13T16:26:44","modified_gmt":"2019-06-13T14:26:44","slug":"usv-sambo","status":"publish","type":"page","link":"https:\/\/omsvillejuif.fr\/blog\/liste-des-clubs-adherents\/usv-sambo\/","title":{"rendered":"USV Sambo"},"content":{"rendered":"<p><img loading=\"lazy\" decoding=\"async\" class=\"wp-image-1236 size-large alignleft\" src=\"https:\/\/omsvillejuif.fr\/blog\/wp-content\/uploads\/2019\/06\/sambo-guide-1024x755.jpg\" alt=\"\" width=\"625\" height=\"461\" srcset=\"https:\/\/omsvillejuif.fr\/blog\/wp-content\/uploads\/2019\/06\/sambo-guide-1024x755.jpg 1024w, https:\/\/omsvillejuif.fr\/blog\/wp-content\/uploads\/2019\/06\/sambo-guide-300x221.jpg 300w, https:\/\/omsvillejuif.fr\/blog\/wp-content\/uploads\/2019\/06\/sambo-guide-768x566.jpg 768w, https:\/\/omsvillejuif.fr\/blog\/wp-content\/uploads\/2019\/06\/sambo-guide-624x460.jpg 624w, https:\/\/omsvillejuif.fr\/blog\/wp-content\/uploads\/2019\/06\/sambo-guide.jpg 2048w\" sizes=\"auto, (max-width: 625px) 100vw, 625px\" \/><strong>Contact<\/strong><\/p>\n<p>Sami Zran (Sambo)<br \/>\n<a title=\"Num\u00e9ro de tel +33 6 75 91 58 71\" href=\"tel:+33675915871\"><img loading=\"lazy\" decoding=\"async\" class=\"alignnone wp-image-97\" src=\"http:\/\/omsvillejuif.fr\/blog\/wp-content\/uploads\/2017\/05\/telephone-1-300x300.png\" alt=\"\" width=\"43\" height=\"43\" srcset=\"https:\/\/omsvillejuif.fr\/blog\/wp-content\/uploads\/2017\/05\/telephone-1-300x300.png 300w, https:\/\/omsvillejuif.fr\/blog\/wp-content\/uploads\/2017\/05\/telephone-1-150x150.png 150w, https:\/\/omsvillejuif.fr\/blog\/wp-content\/uploads\/2017\/05\/telephone-1.png 392w\" sizes=\"auto, (max-width: 43px) 100vw, 43px\" \/><\/a><a title=\"Adresse Email du club\" href=\"mailto:team.sambofighter@gmail.com\" target=\"_blank\" rel=\"noopener noreferrer\"><img loading=\"lazy\" decoding=\"async\" class=\"alignnone wp-image-93\" src=\"http:\/\/omsvillejuif.fr\/blog\/wp-content\/uploads\/2017\/05\/Email.png\" alt=\"\" width=\"43\" height=\"43\" \/><\/a><a title=\"Site web du club\" href=\"http:\/\/www.sambofighter.com\" target=\"_blank\" rel=\"noopener noreferrer\"><img loading=\"lazy\" decoding=\"async\" class=\"alignnone wp-image-95\" src=\"http:\/\/omsvillejuif.fr\/blog\/wp-content\/uploads\/2017\/05\/site-web.png\" alt=\"\" width=\"43\" height=\"43\" srcset=\"https:\/\/omsvillejuif.fr\/blog\/wp-content\/uploads\/2017\/05\/site-web.png 250w, https:\/\/omsvillejuif.fr\/blog\/wp-content\/uploads\/2017\/05\/site-web-150x150.png 150w\" sizes=\"auto, (max-width: 43px) 100vw, 43px\" \/><\/a><a title=\"Facebook du Sambo\" href=\"https:\/\/www.facebook.com\/sambofighter\/\" target=\"_blank\" rel=\"noopener noreferrer\"><img loading=\"lazy\" decoding=\"async\" class=\"alignnone wp-image-94\" src=\"https:\/\/omsvillejuif.fr\/blog\/wp-content\/uploads\/2017\/05\/facebook-logo-4-300x300.png\" alt=\"\" width=\"43\" height=\"43\" srcset=\"https:\/\/omsvillejuif.fr\/blog\/wp-content\/uploads\/2017\/05\/facebook-logo-4-300x300.png 300w, https:\/\/omsvillejuif.fr\/blog\/wp-content\/uploads\/2017\/05\/facebook-logo-4-150x150.png 150w, https:\/\/omsvillejuif.fr\/blog\/wp-content\/uploads\/2017\/05\/facebook-logo-4-768x768.png 768w, https:\/\/omsvillejuif.fr\/blog\/wp-content\/uploads\/2017\/05\/facebook-logo-4-624x624.png 624w, https:\/\/omsvillejuif.fr\/blog\/wp-content\/uploads\/2017\/05\/facebook-logo-4.png 1024w\" sizes=\"auto, (max-width: 43px) 100vw, 43px\" \/><\/a><\/p>\n<p>&nbsp;<\/p>\n<p>&nbsp;<\/p>\n<p>&nbsp;<\/p>\n<p>&nbsp;<\/p>\n<p>&nbsp;<\/p>\n<p>&nbsp;<\/p>\n<p>&nbsp;<\/p>\n<p><strong>Descriptif de l\u2019association<\/strong><\/p>\n<p>Rejoignez-nous pour pratiquer le sambo, le sport de combat complet et efficace d\u2019origine russe.<\/p>\n<p>La sambo se d\u00e9cline en deux styles, que nous pratiquons \u00e0 Villejuif\u00a0: le sambo sportif (discipline qui consiste \u00e0 projeter l\u2019adversaire et le contr\u00f4ler au sol) et le sambo combat (qui contient les m\u00eames sp\u00e9cificit\u00e9s que le sambo sportif, mais auquel on ajoute les frappes pieds\/poings).<\/p>\n<p>Le sambo est avant tout porteur de valeurs, telles que le courage, le d\u00e9passement de soi et le respect. C\u2019est un sport de combat technique, physique, ludique qui permet un d\u00e9veloppement exceptionnel de la motricit\u00e9 et que vous pratiquerez dans un club performant, convivial et accueillant, quels que soient vos objectifs.<\/p>\n<p>La Team Sambo Fighter Villejuif c\u2019est\u00a0: une section enfants (\u00e0 partir de 7 ans), une section ados (\u00e0 partir de 12 ans), une section adulte (\u00e0 partir de 16 ans) et un p\u00f4le Haut Niveau (sous conditions).<\/p>\n<p><strong>Informations sp\u00e9cifiques<\/strong><\/p>\n<p>Inscription sur place. Formulaire \u00e0 t\u00e9l\u00e9charger sur le site internet du club\u00a0: www.sambofighter.com.<\/p>\n<p>Fournir un certificat m\u00e9dical de \u00ab\u00a0non-contre-indication \u00e0 la pratique du sambo sportif et combat en comp\u00e9tition\u00a0\u00bb et une photo d\u2019identit\u00e9.<\/p>\n<p><em>Cotisations\u00a0:<br \/>\n<\/em><em>Tarif adulte (\u00e0 partir de 2003) 230\u20ac<br \/>\n<\/em><em>Tarif Ados (2007 \u00e0 2004) 180\u20ac<br \/>\nTarif Enfants (2012 \u00e0 2008) 130\u20ac<\/em><\/p>\n<p><strong>Lieux et horaires<\/strong><\/p>\n<p>Salle de lutte. Gymnase Guy Boniface. 32, avenue Louis Aragon<\/p>\n<p><img loading=\"lazy\" decoding=\"async\" class=\"alignnone wp-image-1238\" src=\"https:\/\/omsvillejuif.fr\/blog\/wp-content\/uploads\/2019\/06\/tableau-bulletin-sambo-300x203.png\" alt=\"\" width=\"500\" height=\"338\" srcset=\"https:\/\/omsvillejuif.fr\/blog\/wp-content\/uploads\/2019\/06\/tableau-bulletin-sambo-300x203.png 300w, https:\/\/omsvillejuif.fr\/blog\/wp-content\/uploads\/2019\/06\/tableau-bulletin-sambo-768x518.png 768w, https:\/\/omsvillejuif.fr\/blog\/wp-content\/uploads\/2019\/06\/tableau-bulletin-sambo-1024x691.png 1024w, https:\/\/omsvillejuif.fr\/blog\/wp-content\/uploads\/2019\/06\/tableau-bulletin-sambo-624x421.png 624w, https:\/\/omsvillejuif.fr\/blog\/wp-content\/uploads\/2019\/06\/tableau-bulletin-sambo.png 1037w\" sizes=\"auto, (max-width: 500px) 100vw, 500px\" \/><\/p>\n<p>&nbsp;<\/p>\n","protected":false},"excerpt":{"rendered":"<p>Contact Sami Zran (Sambo) &nbsp; &nbsp; &nbsp; &nbsp; &nbsp; &nbsp; &nbsp; Descriptif de l\u2019association Rejoignez-nous pour pratiquer le sambo, le sport de combat complet et efficace d\u2019origine russe. La sambo se d\u00e9cline en deux styles, que nous pratiquons \u00e0 Villejuif\u00a0: le sambo sportif (discipline qui consiste \u00e0 projeter l\u2019adversaire et le contr\u00f4ler au sol) et [&hellip;]<\/p>\n","protected":false},"author":3,"featured_media":0,"parent":105,"menu_order":0,"comment_status":"closed","ping_status":"closed","template":"page-templates\/full-width.php","meta":{"footnotes":""},"class_list":["post-946","page","type-page","status-publish","hentry"],"_links":{"self":[{"href":"https:\/\/omsvillejuif.fr\/blog\/wp-json\/wp\/v2\/pages\/946","targetHints":{"allow":["GET"]}}],"collection":[{"href":"https:\/\/omsvillejuif.fr\/blog\/wp-json\/wp\/v2\/pages"}],"about":[{"href":"https:\/\/omsvillejuif.fr\/blog\/wp-json\/wp\/v2\/types\/page"}],"author":[{"embeddable":true,"href":"https:\/\/omsvillejuif.fr\/blog\/wp-json\/wp\/v2\/users\/3"}],"replies":[{"embeddable":true,"href":"https:\/\/omsvillejuif.fr\/blog\/wp-json\/wp\/v2\/comments?post=946"}],"version-history":[{"count":19,"href":"https:\/\/omsvillejuif.fr\/blog\/wp-json\/wp\/v2\/pages\/946\/revisions"}],"predecessor-version":[{"id":1247,"href":"https:\/\/omsvillejuif.fr\/blog\/wp-json\/wp\/v2\/pages\/946\/revisions\/1247"}],"up":[{"embeddable":true,"href":"https:\/\/omsvillejuif.fr\/blog\/wp-json\/wp\/v2\/pages\/105"}],"wp:attachment":[{"href":"https:\/\/omsvillejuif.fr\/blog\/wp-json\/wp\/v2\/media?parent=946"}],"curies":[{"name":"wp","href":"https:\/\/api.w.org\/{rel}","templated":true}]}}