{"id":806,"date":"2018-01-04T16:59:13","date_gmt":"2018-01-04T15:59:13","guid":{"rendered":"http:\/\/omsvillejuif.fr\/blog\/?page_id=806"},"modified":"2018-01-04T17:18:10","modified_gmt":"2018-01-04T16:18:10","slug":"ak-team","status":"publish","type":"page","link":"https:\/\/omsvillejuif.fr\/blog\/liste-des-clubs-adherents\/ak-team\/","title":{"rendered":"Ak Team"},"content":{"rendered":"<p><img loading=\"lazy\" decoding=\"async\" class=\"alignleft wp-image-808\" src=\"http:\/\/omsvillejuif.fr\/blog\/wp-content\/uploads\/2018\/01\/15972815_1775507039369103_2608746894001286630_o-1024x768.jpg\" alt=\"\" width=\"500\" height=\"375\" srcset=\"https:\/\/omsvillejuif.fr\/blog\/wp-content\/uploads\/2018\/01\/15972815_1775507039369103_2608746894001286630_o-1024x768.jpg 1024w, https:\/\/omsvillejuif.fr\/blog\/wp-content\/uploads\/2018\/01\/15972815_1775507039369103_2608746894001286630_o-300x225.jpg 300w, https:\/\/omsvillejuif.fr\/blog\/wp-content\/uploads\/2018\/01\/15972815_1775507039369103_2608746894001286630_o-768x576.jpg 768w, https:\/\/omsvillejuif.fr\/blog\/wp-content\/uploads\/2018\/01\/15972815_1775507039369103_2608746894001286630_o-624x468.jpg 624w, https:\/\/omsvillejuif.fr\/blog\/wp-content\/uploads\/2018\/01\/15972815_1775507039369103_2608746894001286630_o.jpg 1632w\" sizes=\"auto, (max-width: 500px) 100vw, 500px\" \/><\/p>\n<p>&nbsp;<\/p>\n<p><strong style=\"font-size: 1rem;\">Contact<\/strong><\/p>\n<p>Ferhat Abkari (Pr\u00e9sident)<br \/>\n<a title=\"Adresse Email du club\" href=\"mailto:ferhatabkari@gmail.com\" target=\"_blank\" rel=\"noopener noreferrer\"><img loading=\"lazy\" decoding=\"async\" class=\"alignnone wp-image-93\" src=\"http:\/\/omsvillejuif.fr\/blog\/wp-content\/uploads\/2017\/05\/Email.png\" alt=\"\" width=\"43\" height=\"43\" \/><\/a><a title=\"Num\u00e9ro de tel +33 7 62 94 79 91\" href=\"tel:+33762947991\"><img loading=\"lazy\" decoding=\"async\" class=\"alignnone wp-image-97\" src=\"http:\/\/omsvillejuif.fr\/blog\/wp-content\/uploads\/2017\/05\/telephone-1-150x150.png\" alt=\"\" width=\"43\" height=\"43\" srcset=\"https:\/\/omsvillejuif.fr\/blog\/wp-content\/uploads\/2017\/05\/telephone-1-150x150.png 150w, https:\/\/omsvillejuif.fr\/blog\/wp-content\/uploads\/2017\/05\/telephone-1-300x300.png 300w, https:\/\/omsvillejuif.fr\/blog\/wp-content\/uploads\/2017\/05\/telephone-1.png 392w\" sizes=\"auto, (max-width: 43px) 100vw, 43px\" \/><\/a><a title=\"Page Facebook du club\" href=\"https:\/\/www.facebook.com\/AK-Team-1412020335717777\/\" target=\"_blank\" rel=\"noopener noreferrer\"><img loading=\"lazy\" decoding=\"async\" class=\"alignnone wp-image-94\" src=\"http:\/\/omsvillejuif.fr\/blog\/wp-content\/uploads\/2017\/05\/facebook-logo-4-300x300.png\" alt=\"\" width=\"43\" height=\"43\" srcset=\"https:\/\/omsvillejuif.fr\/blog\/wp-content\/uploads\/2017\/05\/facebook-logo-4-300x300.png 300w, https:\/\/omsvillejuif.fr\/blog\/wp-content\/uploads\/2017\/05\/facebook-logo-4-150x150.png 150w, https:\/\/omsvillejuif.fr\/blog\/wp-content\/uploads\/2017\/05\/facebook-logo-4-768x768.png 768w, https:\/\/omsvillejuif.fr\/blog\/wp-content\/uploads\/2017\/05\/facebook-logo-4-624x624.png 624w, https:\/\/omsvillejuif.fr\/blog\/wp-content\/uploads\/2017\/05\/facebook-logo-4.png 1024w\" sizes=\"auto, (max-width: 43px) 100vw, 43px\" \/><\/a><\/p>\n<p>&nbsp;<\/p>\n<p>&nbsp;<\/p>\n<p>&nbsp;<\/p>\n<p><strong>Descriptif de l\u2019association<\/strong><\/p>\n<p>Association pratiquant les arts martiaux dans tout son ensemble, en privil\u00e9giant la pr\u00e9paration physique, mentale et technique de ses combattants.<\/p>\n<p>Activit\u00e9 propos\u00e9e \u00e0 partir de 12 ans\u00a0: MMA, grappling, pancrace.<\/p>\n<p>&nbsp;<\/p>\n<p><strong>Informations sp\u00e9cifiques<\/strong><\/p>\n<p>Fournir un certificat m\u00e9dical et une photo d\u2019identit\u00e9.<\/p>\n<p><em>Cotisation de 200\u20ac<\/em><\/p>\n<p><strong style=\"font-size: 1rem;\"><br \/>\nLieux et horaires<\/strong><\/p>\n<p>Complexe sportif Guy Boniface.\u00a032, avenue Louis Aragon<\/p>\n","protected":false},"excerpt":{"rendered":"<p>&nbsp; Contact Ferhat Abkari (Pr\u00e9sident) &nbsp; &nbsp; &nbsp; Descriptif de l\u2019association Association pratiquant les arts martiaux dans tout son ensemble, en privil\u00e9giant la pr\u00e9paration physique, mentale et technique de ses combattants. Activit\u00e9 propos\u00e9e \u00e0 partir de 12 ans\u00a0: MMA, grappling, pancrace. &nbsp; Informations sp\u00e9cifiques Fournir un certificat m\u00e9dical et une photo d\u2019identit\u00e9. Cotisation de 200\u20ac [&hellip;]<\/p>\n","protected":false},"author":3,"featured_media":0,"parent":105,"menu_order":0,"comment_status":"closed","ping_status":"closed","template":"","meta":{"footnotes":""},"class_list":["post-806","page","type-page","status-publish","hentry"],"_links":{"self":[{"href":"https:\/\/omsvillejuif.fr\/blog\/wp-json\/wp\/v2\/pages\/806","targetHints":{"allow":["GET"]}}],"collection":[{"href":"https:\/\/omsvillejuif.fr\/blog\/wp-json\/wp\/v2\/pages"}],"about":[{"href":"https:\/\/omsvillejuif.fr\/blog\/wp-json\/wp\/v2\/types\/page"}],"author":[{"embeddable":true,"href":"https:\/\/omsvillejuif.fr\/blog\/wp-json\/wp\/v2\/users\/3"}],"replies":[{"embeddable":true,"href":"https:\/\/omsvillejuif.fr\/blog\/wp-json\/wp\/v2\/comments?post=806"}],"version-history":[{"count":12,"href":"https:\/\/omsvillejuif.fr\/blog\/wp-json\/wp\/v2\/pages\/806\/revisions"}],"predecessor-version":[{"id":825,"href":"https:\/\/omsvillejuif.fr\/blog\/wp-json\/wp\/v2\/pages\/806\/revisions\/825"}],"up":[{"embeddable":true,"href":"https:\/\/omsvillejuif.fr\/blog\/wp-json\/wp\/v2\/pages\/105"}],"wp:attachment":[{"href":"https:\/\/omsvillejuif.fr\/blog\/wp-json\/wp\/v2\/media?parent=806"}],"curies":[{"name":"wp","href":"https:\/\/api.w.org\/{rel}","templated":true}]}}

<p><img loading="lazy" decoding="async" class="alignleft wp-image-808" src="http://omsvillejuif.fr/blog/wp-content/uploads/2018/01/15972815_1775507039369103_2608746894001286630_o-1024x768.jpg" alt="" width="500" height="375" srcset="https://omsvillejuif.fr/blog/wp-content/uploads/2018/01/15972815_1775507039369103_2608746894001286630_o-1024x768.jpg 1024w, https://omsvillejuif.fr/blog/wp-content/uploads/2018/01/15972815_1775507039369103_2608746894001286630_o-300x225.jpg 300w, https://omsvillejuif.fr/blog/wp-content/uploads/2018/01/15972815_1775507039369103_2608746894001286630_o-768x576.jpg 768w, https://omsvillejuif.fr/blog/wp-content/uploads/2018/01/15972815_1775507039369103_2608746894001286630_o-624x468.jpg 624w, https://omsvillejuif.fr/blog/wp-content/uploads/2018/01/15972815_1775507039369103_2608746894001286630_o.jpg 1632w" sizes="auto, (max-width: 500px) 100vw, 500px" /></p>
<p>&nbsp;</p>
<p><strong style="font-size: 1rem;">Contact</strong></p>
<p>Ferhat Abkari (Président)<br />
<a title="Adresse Email du club" href="mailto:ferhatabkari@gmail.com" target="_blank" rel="noopener noreferrer"><img loading="lazy" decoding="async" class="alignnone wp-image-93" src="http://omsvillejuif.fr/blog/wp-content/uploads/2017/05/Email.png" alt="" width="43" height="43" /></a><a title="Numéro de tel +33 7 62 94 79 91" href="tel:+33762947991"><img loading="lazy" decoding="async" class="alignnone wp-image-97" src="http://omsvillejuif.fr/blog/wp-content/uploads/2017/05/telephone-1-150x150.png" alt="" width="43" height="43" srcset="https://omsvillejuif.fr/blog/wp-content/uploads/2017/05/telephone-1-150x150.png 150w, https://omsvillejuif.fr/blog/wp-content/uploads/2017/05/telephone-1-300x300.png 300w, https://omsvillejuif.fr/blog/wp-content/uploads/2017/05/telephone-1.png 392w" sizes="auto, (max-width: 43px) 100vw, 43px" /></a><a title="Page Facebook du club" href="https://www.facebook.com/AK-Team-1412020335717777/" target="_blank" rel="noopener noreferrer"><img loading="lazy" decoding="async" class="alignnone wp-image-94" src="http://omsvillejuif.fr/blog/wp-content/uploads/2017/05/facebook-logo-4-300x300.png" alt="" width="43" height="43" srcset="https://omsvillejuif.fr/blog/wp-content/uploads/2017/05/facebook-logo-4-300x300.png 300w, https://omsvillejuif.fr/blog/wp-content/uploads/2017/05/facebook-logo-4-150x150.png 150w, https://omsvillejuif.fr/blog/wp-content/uploads/2017/05/facebook-logo-4-768x768.png 768w, https://omsvillejuif.fr/blog/wp-content/uploads/2017/05/facebook-logo-4-624x624.png 624w, https://omsvillejuif.fr/blog/wp-content/uploads/2017/05/facebook-logo-4.png 1024w" sizes="auto, (max-width: 43px) 100vw, 43px" /></a></p>
<p>&nbsp;</p>
<p>&nbsp;</p>
<p>&nbsp;</p>
<p><strong>Descriptif de l’association</strong></p>
<p>Association pratiquant les arts martiaux dans tout son ensemble, en privilégiant la préparation physique, mentale et technique de ses combattants.</p>
<p>Activité proposée à partir de 12 ans : MMA, grappling, pancrace.</p>
<p>&nbsp;</p>
<p><strong>Informations spécifiques</strong></p>
<p>Fournir un certificat médical et une photo d’identité.</p>
<p><em>Cotisation de 200€</em></p>
<p><strong style="font-size: 1rem;"><br />
Lieux et horaires</strong></p>
<p>Complexe sportif Guy Boniface. 32, avenue Louis Aragon</p>

<p>&nbsp; Contact Ferhat Abkari (Président) &nbsp; &nbsp; &nbsp; Descriptif de l’association Association pratiquant les arts martiaux dans tout son ensemble, en privilégiant la préparation physique, mentale et technique de ses combattants. Activité proposée à partir de 12 ans : MMA, grappling, pancrace. &nbsp; Informations spécifiques Fournir un certificat médical et une photo d’identité. Cotisation de 200€ [&hellip;]</p>
