{"id":782,"date":"2017-12-17T15:22:27","date_gmt":"2017-12-17T14:22:27","guid":{"rendered":"http:\/\/omsvillejuif.fr\/blog\/?page_id=782"},"modified":"2021-11-11T11:26:59","modified_gmt":"2021-11-11T10:26:59","slug":"acceder-a-ma-messagerie-oms","status":"publish","type":"page","link":"https:\/\/omsvillejuif.fr\/blog\/acceder-a-ma-messagerie-oms\/","title":{"rendered":"Acc\u00e9der \u00e0 ma messagerie OMS"},"content":{"rendered":"<p>Vous \u00eates un <strong>club adh\u00e9rent \u00e0 l&rsquo;OMS de Villejuif. <\/strong>Vous avez le choix entre une adresse email qui renvoie sur votre adresse club ou bien <strong>une boite aux lettres<\/strong>.<\/p>\n<p>Si vous avez opt\u00e9 pour une boite aux lettres, nous avons d\u00fb vous fournir un mot de passe avec votre adresse Email. Si ce n&rsquo;est pas le cas, vous pouvez nous contacter pour que l&rsquo;on fasse le n\u00e9cessaire au plus vite.<\/p>\n<p><strong>Il y a 2 moyens d&rsquo;acc\u00e9der \u00e0 votre boite :<\/strong><\/p>\n<ul>\n<li>Le lien \u00ab\u00a0Webmail OMS\u00a0\u00bb qui se trouve sur la page d&rsquo;accueil du site de l&rsquo;OMS.<\/li>\n<li>Le param\u00e9trage de votre logiciel Email sur votre ordinateur ou votre t\u00e9l\u00e9phone.<br \/>\n<em>Pour l&rsquo;installation de votre boite aux lettres sur votre logiciel de messagerie (par exemple sur votre t\u00e9l\u00e9phone portable), vous pouvez vous r\u00e9f\u00e9rer aux param\u00e8tres que vous trouverez <\/em><a href=\"https:\/\/www.scaleway.com\/en\/docs\/webhosting\/classic\/how-to\/check-emails\" target=\"_blank\" rel=\"noopener\"><em>sur cette page<\/em><\/a><\/p>\n<ul>\n<li>Serveur de r\u00e9ception de mail :imap.online.net (protocole IMAP)<\/li>\n<li>Serveur d&rsquo;envoi de mail : smtp.online.net (protocole SMTP)<\/li>\n<\/ul>\n<\/li>\n<\/ul>\n","protected":false},"excerpt":{"rendered":"<p>Vous \u00eates un club adh\u00e9rent \u00e0 l&rsquo;OMS de Villejuif. Vous avez le choix entre une adresse email qui renvoie sur votre adresse club ou bien une boite aux lettres. Si vous avez opt\u00e9 pour une boite aux lettres, nous avons d\u00fb vous fournir un mot de passe avec votre adresse Email. Si ce n&rsquo;est pas [&hellip;]<\/p>\n","protected":false},"author":1,"featured_media":0,"parent":0,"menu_order":0,"comment_status":"closed","ping_status":"closed","template":"","meta":{"footnotes":""},"class_list":["post-782","page","type-page","status-publish","hentry"],"_links":{"self":[{"href":"https:\/\/omsvillejuif.fr\/blog\/wp-json\/wp\/v2\/pages\/782","targetHints":{"allow":["GET"]}}],"collection":[{"href":"https:\/\/omsvillejuif.fr\/blog\/wp-json\/wp\/v2\/pages"}],"about":[{"href":"https:\/\/omsvillejuif.fr\/blog\/wp-json\/wp\/v2\/types\/page"}],"author":[{"embeddable":true,"href":"https:\/\/omsvillejuif.fr\/blog\/wp-json\/wp\/v2\/users\/1"}],"replies":[{"embeddable":true,"href":"https:\/\/omsvillejuif.fr\/blog\/wp-json\/wp\/v2\/comments?post=782"}],"version-history":[{"count":6,"href":"https:\/\/omsvillejuif.fr\/blog\/wp-json\/wp\/v2\/pages\/782\/revisions"}],"predecessor-version":[{"id":1533,"href":"https:\/\/omsvillejuif.fr\/blog\/wp-json\/wp\/v2\/pages\/782\/revisions\/1533"}],"wp:attachment":[{"href":"https:\/\/omsvillejuif.fr\/blog\/wp-json\/wp\/v2\/media?parent=782"}],"curies":[{"name":"wp","href":"https:\/\/api.w.org\/{rel}","templated":true}]}}