{"id":281,"date":"2017-06-12T16:24:54","date_gmt":"2017-06-12T14:24:54","guid":{"rendered":"http:\/\/omsvillejuif.fr\/blog\/?page_id=281"},"modified":"2025-06-10T10:06:31","modified_gmt":"2025-06-10T08:06:31","slug":"usv-tir-a-larc","status":"publish","type":"page","link":"https:\/\/omsvillejuif.fr\/blog\/liste-des-clubs-adherents\/usv-tir-a-larc\/","title":{"rendered":"USV Tir \u00e0 l&rsquo;arc"},"content":{"rendered":"<p><img loading=\"lazy\" decoding=\"async\" class=\"alignnone size-medium wp-image-1762\" src=\"https:\/\/omsvillejuif.fr\/blog\/wp-content\/uploads\/2025\/06\/Tir-a-larc-2026-300x225.jpg\" alt=\"\" width=\"300\" height=\"225\" srcset=\"https:\/\/omsvillejuif.fr\/blog\/wp-content\/uploads\/2025\/06\/Tir-a-larc-2026-300x225.jpg 300w, https:\/\/omsvillejuif.fr\/blog\/wp-content\/uploads\/2025\/06\/Tir-a-larc-2026-1024x768.jpg 1024w, https:\/\/omsvillejuif.fr\/blog\/wp-content\/uploads\/2025\/06\/Tir-a-larc-2026-768x576.jpg 768w, https:\/\/omsvillejuif.fr\/blog\/wp-content\/uploads\/2025\/06\/Tir-a-larc-2026-1536x1152.jpg 1536w, https:\/\/omsvillejuif.fr\/blog\/wp-content\/uploads\/2025\/06\/Tir-a-larc-2026-624x468.jpg 624w, https:\/\/omsvillejuif.fr\/blog\/wp-content\/uploads\/2025\/06\/Tir-a-larc-2026.jpg 2048w\" sizes=\"auto, (max-width: 300px) 100vw, 300px\" \/><\/p>\n<p><strong>Contact<\/strong><\/p>\n<p>Maryline Se\u00eft\u00e9<br \/>\nPr\u00e9sidente<br \/>\n<a title=\"Adresse Email du club\" href=\"mailto:usv_tiralarc@hotmail.com\" target=\"_blank\" rel=\"noopener\"><img loading=\"lazy\" decoding=\"async\" class=\"alignnone wp-image-93\" src=\"http:\/\/omsvillejuif.fr\/blog\/wp-content\/uploads\/2017\/05\/Email.png\" alt=\"\" width=\"43\" height=\"43\" \/><\/a><a title=\"Num\u00e9ro de tel +33 0632951098\" href=\"tel:+33 0632951098\"><img loading=\"lazy\" decoding=\"async\" class=\"alignnone wp-image-97\" src=\"http:\/\/omsvillejuif.fr\/blog\/wp-content\/uploads\/2017\/05\/telephone-1-300x300.png\" alt=\"\" width=\"43\" height=\"43\" srcset=\"https:\/\/omsvillejuif.fr\/blog\/wp-content\/uploads\/2017\/05\/telephone-1-300x300.png 300w, https:\/\/omsvillejuif.fr\/blog\/wp-content\/uploads\/2017\/05\/telephone-1-150x150.png 150w, https:\/\/omsvillejuif.fr\/blog\/wp-content\/uploads\/2017\/05\/telephone-1.png 392w\" sizes=\"auto, (max-width: 43px) 100vw, 43px\" \/><\/a><br \/>\n<a title=\"Site web\" href=\"http:\/\/monsiteweb.fr\" target=\"_blank\" rel=\"noopener noreferrer\"><img loading=\"lazy\" decoding=\"async\" class=\"alignnone wp-image-95\" src=\"http:\/\/omsvillejuif.fr\/blog\/wp-content\/uploads\/2017\/05\/site-web.png\" alt=\"\" width=\"43\" height=\"43\" srcset=\"https:\/\/omsvillejuif.fr\/blog\/wp-content\/uploads\/2017\/05\/site-web.png 250w, https:\/\/omsvillejuif.fr\/blog\/wp-content\/uploads\/2017\/05\/site-web-150x150.png 150w\" sizes=\"auto, (max-width: 43px) 100vw, 43px\" \/><\/a><\/p>\n<p>&nbsp;<\/p>\n<p><strong>Descriptif de l\u2019association<\/strong><\/p>\n<p>Envie de vivre les m\u00eames \u00e9motions qu\u2019aux Invalides avec les 2 m\u00e9dailles lors des JO de Paris ? Ou juste de pratiquer un sport que calme la t\u00eate et le corps ? Nous vous accueillons \u00e0 partir de l\u2019\u00e2ge de 7 ans pour les jeunes (7-9 ans en fonction de la morphologie) et jusqu\u2019\u00e0 99 ans pour les adultes. Le tir \u00e0 l&rsquo;arc est une activit\u00e9 physique adapt\u00e9e \u00e0 tous.<\/p>\n<p>Avec ou sans viseur, moderne ou traditionnel, tous les types d&rsquo;arcs sont admis sur nos pas de tir. Nous pratiquons toutes les disciplines de la FFTA. La formation est assur\u00e9e par 4 entra\u00eeneurs dipl\u00f4m\u00e9s de la FFTA et 4 encadrants F\u00e9d\u00e9raux. Notre club organise en moyenne 2 concours par an. Nous avons \u00e0 notre disposition toute l&rsquo;ann\u00e9e le pas de tir Serge Barrois et le gymnase Robespierre pour le tir en salle.<\/p>\n<p>Nous avons aussi plusieurs jeunes HPS (Haut potentiel sportif) repartis dans les \u00e9coles Villejuifoises.<\/p>\n<p><strong>Lieux de pratique :<\/strong><\/p>\n<p>En automne et en hiver : Tir en salle. Gymnase Maximilien Robespierre. 8, rue Daumier<br \/>\nAu printemps et l&rsquo;\u00e9t\u00e9 : Pas de tir Serge Barrois. 56, avenue Louis Aragon<\/p>\n<ul>\n<li>8 cibles fixes permettant de tirer de 5 \u00e0 70m<\/li>\n<li>3 cibles mobiles<\/li>\n<li>Cibles volum\u00e9triques 3D<\/li>\n<\/ul>\n<p><strong>Informations sp\u00e9cifiques<\/strong><\/p>\n<p>Inscriptions apr\u00e8s avoir particip\u00e9 aux 3 s\u00e9ances de test gratuites. Pour les jeunes, pr\u00e9sence obligatoire le mercredi et le vendredi. La liste des documents \u00e0 fournir est remise avec le dossier d&rsquo;inscription.<\/p>\n<p><em>Cotisations (Comprend la licence et l\u2019adh\u00e9sion) : <\/em><\/p>\n<ul>\n<li><em>U11 (-11 ans, n\u00e9s entre 2016 et 2018): 115 \u20ac <\/em><\/li>\n<li><em>Jeunes (n\u00e9s en 2006 ou apr\u00e8s) : 140 \u20ac <\/em><\/li>\n<li><em>Adultes loisir : 150\u20ac <\/em><\/li>\n<li><em>Adultes comp\u00e9titeurs : 165\u20ac <\/em><\/li>\n<\/ul>\n<p><em>Tarifs d\u00e9gressifs \u00e0 partir de 3 inscrits dans la m\u00eame famille.<\/em><\/p>\n<p>&nbsp;<\/p>\n<p>&nbsp;<\/p>\n","protected":false},"excerpt":{"rendered":"<p>Contact Maryline Se\u00eft\u00e9 Pr\u00e9sidente &nbsp; Descriptif de l\u2019association Envie de vivre les m\u00eames \u00e9motions qu\u2019aux Invalides avec les 2 m\u00e9dailles lors des JO de Paris ? Ou juste de pratiquer un sport que calme la t\u00eate et le corps ? Nous vous accueillons \u00e0 partir de l\u2019\u00e2ge de 7 ans pour les jeunes (7-9 ans [&hellip;]<\/p>\n","protected":false},"author":3,"featured_media":0,"parent":105,"menu_order":0,"comment_status":"closed","ping_status":"closed","template":"page-templates\/full-width.php","meta":{"footnotes":""},"class_list":["post-281","page","type-page","status-publish","hentry"],"_links":{"self":[{"href":"https:\/\/omsvillejuif.fr\/blog\/wp-json\/wp\/v2\/pages\/281","targetHints":{"allow":["GET"]}}],"collection":[{"href":"https:\/\/omsvillejuif.fr\/blog\/wp-json\/wp\/v2\/pages"}],"about":[{"href":"https:\/\/omsvillejuif.fr\/blog\/wp-json\/wp\/v2\/types\/page"}],"author":[{"embeddable":true,"href":"https:\/\/omsvillejuif.fr\/blog\/wp-json\/wp\/v2\/users\/3"}],"replies":[{"embeddable":true,"href":"https:\/\/omsvillejuif.fr\/blog\/wp-json\/wp\/v2\/comments?post=281"}],"version-history":[{"count":7,"href":"https:\/\/omsvillejuif.fr\/blog\/wp-json\/wp\/v2\/pages\/281\/revisions"}],"predecessor-version":[{"id":1763,"href":"https:\/\/omsvillejuif.fr\/blog\/wp-json\/wp\/v2\/pages\/281\/revisions\/1763"}],"up":[{"embeddable":true,"href":"https:\/\/omsvillejuif.fr\/blog\/wp-json\/wp\/v2\/pages\/105"}],"wp:attachment":[{"href":"https:\/\/omsvillejuif.fr\/blog\/wp-json\/wp\/v2\/media?parent=281"}],"curies":[{"name":"wp","href":"https:\/\/api.w.org\/{rel}","templated":true}]}}

USV Tir à l&rsquo;arc

<p><img loading="lazy" decoding="async" class="alignnone size-medium wp-image-1762" src="https://omsvillejuif.fr/blog/wp-content/uploads/2025/06/Tir-a-larc-2026-300x225.jpg" alt="" width="300" height="225" srcset="https://omsvillejuif.fr/blog/wp-content/uploads/2025/06/Tir-a-larc-2026-300x225.jpg 300w, https://omsvillejuif.fr/blog/wp-content/uploads/2025/06/Tir-a-larc-2026-1024x768.jpg 1024w, https://omsvillejuif.fr/blog/wp-content/uploads/2025/06/Tir-a-larc-2026-768x576.jpg 768w, https://omsvillejuif.fr/blog/wp-content/uploads/2025/06/Tir-a-larc-2026-1536x1152.jpg 1536w, https://omsvillejuif.fr/blog/wp-content/uploads/2025/06/Tir-a-larc-2026-624x468.jpg 624w, https://omsvillejuif.fr/blog/wp-content/uploads/2025/06/Tir-a-larc-2026.jpg 2048w" sizes="auto, (max-width: 300px) 100vw, 300px" /></p>
<p><strong>Contact</strong></p>
<p>Maryline Seïté<br />
Présidente<br />
<a title="Adresse Email du club" href="mailto:usv_tiralarc@hotmail.com" target="_blank" rel="noopener"><img loading="lazy" decoding="async" class="alignnone wp-image-93" src="http://omsvillejuif.fr/blog/wp-content/uploads/2017/05/Email.png" alt="" width="43" height="43" /></a><a title="Numéro de tel +33 0632951098" href="tel:+33 0632951098"><img loading="lazy" decoding="async" class="alignnone wp-image-97" src="http://omsvillejuif.fr/blog/wp-content/uploads/2017/05/telephone-1-300x300.png" alt="" width="43" height="43" srcset="https://omsvillejuif.fr/blog/wp-content/uploads/2017/05/telephone-1-300x300.png 300w, https://omsvillejuif.fr/blog/wp-content/uploads/2017/05/telephone-1-150x150.png 150w, https://omsvillejuif.fr/blog/wp-content/uploads/2017/05/telephone-1.png 392w" sizes="auto, (max-width: 43px) 100vw, 43px" /></a><br />
<a title="Site web" href="http://monsiteweb.fr" target="_blank" rel="noopener noreferrer"><img loading="lazy" decoding="async" class="alignnone wp-image-95" src="http://omsvillejuif.fr/blog/wp-content/uploads/2017/05/site-web.png" alt="" width="43" height="43" srcset="https://omsvillejuif.fr/blog/wp-content/uploads/2017/05/site-web.png 250w, https://omsvillejuif.fr/blog/wp-content/uploads/2017/05/site-web-150x150.png 150w" sizes="auto, (max-width: 43px) 100vw, 43px" /></a></p>
<p>&nbsp;</p>
<p><strong>Descriptif de l’association</strong></p>
<p>Envie de vivre les mêmes émotions qu’aux Invalides avec les 2 médailles lors des JO de Paris ? Ou juste de pratiquer un sport que calme la tête et le corps ? Nous vous accueillons à partir de l’âge de 7 ans pour les jeunes (7-9 ans en fonction de la morphologie) et jusqu’à 99 ans pour les adultes. Le tir à l&rsquo;arc est une activité physique adaptée à tous.</p>
<p>Avec ou sans viseur, moderne ou traditionnel, tous les types d&rsquo;arcs sont admis sur nos pas de tir. Nous pratiquons toutes les disciplines de la FFTA. La formation est assurée par 4 entraîneurs diplômés de la FFTA et 4 encadrants Fédéraux. Notre club organise en moyenne 2 concours par an. Nous avons à notre disposition toute l&rsquo;année le pas de tir Serge Barrois et le gymnase Robespierre pour le tir en salle.</p>
<p>Nous avons aussi plusieurs jeunes HPS (Haut potentiel sportif) repartis dans les écoles Villejuifoises.</p>
<p><strong>Lieux de pratique :</strong></p>
<p>En automne et en hiver : Tir en salle. Gymnase Maximilien Robespierre. 8, rue Daumier<br />
Au printemps et l&rsquo;été : Pas de tir Serge Barrois. 56, avenue Louis Aragon</p>
<ul>
<li>8 cibles fixes permettant de tirer de 5 à 70m</li>
<li>3 cibles mobiles</li>
<li>Cibles volumétriques 3D</li>
</ul>
<p><strong>Informations spécifiques</strong></p>
<p>Inscriptions après avoir participé aux 3 séances de test gratuites. Pour les jeunes, présence obligatoire le mercredi et le vendredi. La liste des documents à fournir est remise avec le dossier d&rsquo;inscription.</p>
<p><em>Cotisations (Comprend la licence et l’adhésion) : </em></p>
<ul>
<li><em>U11 (-11 ans, nés entre 2016 et 2018): 115 € </em></li>
<li><em>Jeunes (nés en 2006 ou après) : 140 € </em></li>
<li><em>Adultes loisir : 150€ </em></li>
<li><em>Adultes compétiteurs : 165€ </em></li>
</ul>
<p><em>Tarifs dégressifs à partir de 3 inscrits dans la même famille.</em></p>
<p>&nbsp;</p>
<p>&nbsp;</p>

<p>Contact Maryline Seïté Présidente &nbsp; Descriptif de l’association Envie de vivre les mêmes émotions qu’aux Invalides avec les 2 médailles lors des JO de Paris ? Ou juste de pratiquer un sport que calme la tête et le corps ? Nous vous accueillons à partir de l’âge de 7 ans pour les jeunes (7-9 ans [&hellip;]</p>
