{"id":277,"date":"2017-06-12T16:20:42","date_gmt":"2017-06-12T14:20:42","guid":{"rendered":"http:\/\/omsvillejuif.fr\/blog\/?page_id=277"},"modified":"2021-07-09T12:36:48","modified_gmt":"2021-07-09T10:36:48","slug":"usv-tennis-de-table","status":"publish","type":"page","link":"https:\/\/omsvillejuif.fr\/blog\/liste-des-clubs-adherents\/usv-tennis-de-table\/","title":{"rendered":"USV Tennis de table"},"content":{"rendered":"<p><img loading=\"lazy\" decoding=\"async\" class=\"wp-image-410 size-large alignleft\" src=\"http:\/\/omsvillejuif.fr\/blog\/wp-content\/uploads\/2017\/06\/Photo-USVTT-1024x512.jpg\" alt=\"\" width=\"625\" height=\"313\" srcset=\"https:\/\/omsvillejuif.fr\/blog\/wp-content\/uploads\/2017\/06\/Photo-USVTT-1024x512.jpg 1024w, https:\/\/omsvillejuif.fr\/blog\/wp-content\/uploads\/2017\/06\/Photo-USVTT-300x150.jpg 300w, https:\/\/omsvillejuif.fr\/blog\/wp-content\/uploads\/2017\/06\/Photo-USVTT-768x384.jpg 768w, https:\/\/omsvillejuif.fr\/blog\/wp-content\/uploads\/2017\/06\/Photo-USVTT-624x312.jpg 624w, https:\/\/omsvillejuif.fr\/blog\/wp-content\/uploads\/2017\/06\/Photo-USVTT.jpg 1361w\" sizes=\"auto, (max-width: 625px) 100vw, 625px\" \/><\/p>\n<p><strong>Contact<\/strong><\/p>\n<p>Laurent Durepais<br \/>\nPr\u00e9sident<br \/>\n<a title=\"Adresse mail du Pr\u00e9sident\" href=\"mailto:laurent.usvtt@gmail.com\"><img loading=\"lazy\" decoding=\"async\" class=\"alignnone wp-image-93\" src=\"https:\/\/omsvillejuif.fr\/blog\/wp-content\/uploads\/2017\/05\/Email.png\" alt=\"\" width=\"43\" height=\"49\" \/><\/a><\/p>\n<p>Secr\u00e9tariat<\/p>\n<p><a title=\"Adresse mail du Secr\u00e9tariat\" href=\"mailto:usvtennisdetable.secretariat@gmail.com\"><img loading=\"lazy\" decoding=\"async\" class=\"alignnone wp-image-93\" src=\"https:\/\/omsvillejuif.fr\/blog\/wp-content\/uploads\/2017\/05\/Email.png\" alt=\"\" width=\"43\" height=\"49\" \/><\/a><a title=\"Site web du club\" href=\"https:\/\/www.usvtennisdetable.fr\/\" target=\"_blank\" rel=\"noopener noreferrer\"><img loading=\"lazy\" decoding=\"async\" class=\"alignnone wp-image-95\" src=\"http:\/\/omsvillejuif.fr\/blog\/wp-content\/uploads\/2017\/05\/site-web.png\" alt=\"\" width=\"43\" height=\"43\" srcset=\"https:\/\/omsvillejuif.fr\/blog\/wp-content\/uploads\/2017\/05\/site-web.png 250w, https:\/\/omsvillejuif.fr\/blog\/wp-content\/uploads\/2017\/05\/site-web-150x150.png 150w\" sizes=\"auto, (max-width: 43px) 100vw, 43px\" \/><\/a><a title=\"Page Facebook du club\" href=\"https:\/\/www.facebook.com\/profile.php?id=100008880543896\" target=\"_blank\" rel=\"noopener noreferrer\"><img loading=\"lazy\" decoding=\"async\" class=\"alignnone wp-image-94\" src=\"http:\/\/omsvillejuif.fr\/blog\/wp-content\/uploads\/2017\/05\/facebook-logo-4-300x300.png\" alt=\"\" width=\"43\" height=\"43\" srcset=\"https:\/\/omsvillejuif.fr\/blog\/wp-content\/uploads\/2017\/05\/facebook-logo-4-300x300.png 300w, https:\/\/omsvillejuif.fr\/blog\/wp-content\/uploads\/2017\/05\/facebook-logo-4-150x150.png 150w, https:\/\/omsvillejuif.fr\/blog\/wp-content\/uploads\/2017\/05\/facebook-logo-4-768x768.png 768w, https:\/\/omsvillejuif.fr\/blog\/wp-content\/uploads\/2017\/05\/facebook-logo-4-624x624.png 624w, https:\/\/omsvillejuif.fr\/blog\/wp-content\/uploads\/2017\/05\/facebook-logo-4.png 1024w\" sizes=\"auto, (max-width: 43px) 100vw, 43px\" \/><\/a><\/p>\n<p><strong>Descriptif de l\u2019association<\/strong><\/p>\n<p>L\u2019USV Tennis de Table est un club en pleine croissance, pass\u00e9 de 50 \u00e0 103 adh\u00e9rents ces derni\u00e8res ann\u00e9es. C\u2019est le r\u00e9sultat d\u2019un club r\u00e9put\u00e9 ouvert, convivial, o\u00f9 tout le monde peut trouver sa place pour une pratique en loisir ou en comp\u00e9tition.<br \/>\nD\u00e8s 4 ans, notre section Babyping permet d\u2019accueillir les plus jeunes, pour une approche ludique du tennis de table afin d&rsquo;aider \u00e0 d\u00e9velopper la coordination, la concentration, et la motricit\u00e9.<br \/>\nDe 7 \u00e0 16 ans, les jeunes ont au minimum un entra\u00eenement par semaine le mercredi apr\u00e8s-midi ou le samedi matin.<br \/>\nLes adultes ont des cr\u00e9neaux accessibles tous les soirs du lundi au jeudi.<br \/>\nComp\u00e9titions FFTT et FSGT pour les jeunes et les adultes.<\/p>\n<p><strong>Informations sp\u00e9cifiques<\/strong><\/p>\n<p>Inscription lors des entra\u00eenements au Gymnase Aim\u00e9 C\u00e9saire.<br \/>\nFournir un certificat m\u00e9dical d\u2019aptitude \u00e0 la pratique du Tennis de table en comp\u00e9tition et le dossier d\u2019inscription qui est sera \u00e0 retirer soit au forum de rentr\u00e9e, soit \u00e0 la salle lors des entra\u00eenements.<br \/>\nUne ou deux s\u00e9ances d\u2019essais sont possibles.<\/p>\n<p><em>Cotisations\u00a0:<br \/>\n<\/em><em>Babyping (4-6 ans) : 100\u20ac<br \/>\n<\/em><em>Jeunes : 140\u20ac \u00e0 170\u20ac loisir ou comp\u00e9tition<br \/>\n<\/em><em>Adultes : 160\u20ac \u00e0 200\u20ac loisir ou comp\u00e9tition<br \/>\n<\/em><\/p>\n<p><strong>Lieux et horaires<\/strong><\/p>\n<p>Gymnase du Coll\u00e8ge Aim\u00e9 C\u00e9saire. 2, rue Gustave Flaubert<\/p>\n<p><img loading=\"lazy\" decoding=\"async\" class=\"alignnone wp-image-412\" src=\"http:\/\/omsvillejuif.fr\/blog\/wp-content\/uploads\/2017\/06\/tableau-bulletin-tennis-table-300x191.png\" alt=\"\" width=\"500\" height=\"319\" srcset=\"https:\/\/omsvillejuif.fr\/blog\/wp-content\/uploads\/2017\/06\/tableau-bulletin-tennis-table-300x191.png 300w, https:\/\/omsvillejuif.fr\/blog\/wp-content\/uploads\/2017\/06\/tableau-bulletin-tennis-table-768x490.png 768w, https:\/\/omsvillejuif.fr\/blog\/wp-content\/uploads\/2017\/06\/tableau-bulletin-tennis-table-624x398.png 624w, https:\/\/omsvillejuif.fr\/blog\/wp-content\/uploads\/2017\/06\/tableau-bulletin-tennis-table.png 872w\" sizes=\"auto, (max-width: 500px) 100vw, 500px\" \/><\/p>\n<p>&nbsp;<\/p>\n","protected":false},"excerpt":{"rendered":"<p>Contact Laurent Durepais Pr\u00e9sident Secr\u00e9tariat Descriptif de l\u2019association L\u2019USV Tennis de Table est un club en pleine croissance, pass\u00e9 de 50 \u00e0 103 adh\u00e9rents ces derni\u00e8res ann\u00e9es. C\u2019est le r\u00e9sultat d\u2019un club r\u00e9put\u00e9 ouvert, convivial, o\u00f9 tout le monde peut trouver sa place pour une pratique en loisir ou en comp\u00e9tition. D\u00e8s 4 ans, notre [&hellip;]<\/p>\n","protected":false},"author":3,"featured_media":0,"parent":105,"menu_order":0,"comment_status":"closed","ping_status":"closed","template":"page-templates\/full-width.php","meta":{"footnotes":""},"class_list":["post-277","page","type-page","status-publish","hentry"],"_links":{"self":[{"href":"https:\/\/omsvillejuif.fr\/blog\/wp-json\/wp\/v2\/pages\/277","targetHints":{"allow":["GET"]}}],"collection":[{"href":"https:\/\/omsvillejuif.fr\/blog\/wp-json\/wp\/v2\/pages"}],"about":[{"href":"https:\/\/omsvillejuif.fr\/blog\/wp-json\/wp\/v2\/types\/page"}],"author":[{"embeddable":true,"href":"https:\/\/omsvillejuif.fr\/blog\/wp-json\/wp\/v2\/users\/3"}],"replies":[{"embeddable":true,"href":"https:\/\/omsvillejuif.fr\/blog\/wp-json\/wp\/v2\/comments?post=277"}],"version-history":[{"count":14,"href":"https:\/\/omsvillejuif.fr\/blog\/wp-json\/wp\/v2\/pages\/277\/revisions"}],"predecessor-version":[{"id":1501,"href":"https:\/\/omsvillejuif.fr\/blog\/wp-json\/wp\/v2\/pages\/277\/revisions\/1501"}],"up":[{"embeddable":true,"href":"https:\/\/omsvillejuif.fr\/blog\/wp-json\/wp\/v2\/pages\/105"}],"wp:attachment":[{"href":"https:\/\/omsvillejuif.fr\/blog\/wp-json\/wp\/v2\/media?parent=277"}],"curies":[{"name":"wp","href":"https:\/\/api.w.org\/{rel}","templated":true}]}}