{"id":265,"date":"2017-06-12T16:17:26","date_gmt":"2017-06-12T14:17:26","guid":{"rendered":"http:\/\/omsvillejuif.fr\/blog\/?page_id=265"},"modified":"2025-02-03T10:37:58","modified_gmt":"2025-02-03T09:37:58","slug":"usv-randonnee","status":"publish","type":"page","link":"https:\/\/omsvillejuif.fr\/blog\/liste-des-clubs-adherents\/usv-randonnee\/","title":{"rendered":"USV Randonn\u00e9e"},"content":{"rendered":"<p><img loading=\"lazy\" decoding=\"async\" class=\"alignnone size-medium wp-image-1695\" src=\"https:\/\/omsvillejuif.fr\/blog\/wp-content\/uploads\/2025\/02\/Photo-Randonnee-2-225x300.jpg\" alt=\"\" width=\"225\" height=\"300\" srcset=\"https:\/\/omsvillejuif.fr\/blog\/wp-content\/uploads\/2025\/02\/Photo-Randonnee-2-225x300.jpg 225w, https:\/\/omsvillejuif.fr\/blog\/wp-content\/uploads\/2025\/02\/Photo-Randonnee-2-768x1024.jpg 768w, https:\/\/omsvillejuif.fr\/blog\/wp-content\/uploads\/2025\/02\/Photo-Randonnee-2-1152x1536.jpg 1152w, https:\/\/omsvillejuif.fr\/blog\/wp-content\/uploads\/2025\/02\/Photo-Randonnee-2-624x832.jpg 624w, https:\/\/omsvillejuif.fr\/blog\/wp-content\/uploads\/2025\/02\/Photo-Randonnee-2.jpg 1530w\" sizes=\"auto, (max-width: 225px) 100vw, 225px\" \/> <img loading=\"lazy\" decoding=\"async\" class=\"alignnone size-medium wp-image-1696\" src=\"https:\/\/omsvillejuif.fr\/blog\/wp-content\/uploads\/2025\/02\/Photo-Randonnee-1--225x300.jpeg\" alt=\"\" width=\"225\" height=\"300\" srcset=\"https:\/\/omsvillejuif.fr\/blog\/wp-content\/uploads\/2025\/02\/Photo-Randonnee-1--225x300.jpeg 225w, https:\/\/omsvillejuif.fr\/blog\/wp-content\/uploads\/2025\/02\/Photo-Randonnee-1--768x1024.jpeg 768w, https:\/\/omsvillejuif.fr\/blog\/wp-content\/uploads\/2025\/02\/Photo-Randonnee-1--1152x1536.jpeg 1152w, https:\/\/omsvillejuif.fr\/blog\/wp-content\/uploads\/2025\/02\/Photo-Randonnee-1--624x832.jpeg 624w, https:\/\/omsvillejuif.fr\/blog\/wp-content\/uploads\/2025\/02\/Photo-Randonnee-1-.jpeg 1530w\" sizes=\"auto, (max-width: 225px) 100vw, 225px\" \/><\/p>\n<p><strong>Descriptif de l\u2019association<\/strong><\/p>\n<p>Les bienfaits de la randonn\u00e9e p\u00e9destre pour la sant\u00e9 et le moral sont largement d\u00e9montr\u00e9s. Notre association vous propose de pratiquer cette activit\u00e9 le dimanche sur les chemins de l\u2019Ile-de-France (chaque dimanche jusque fin octobre et d\u2019avril \u00e0 fin juin, un dimanche sur deux de novembre \u00e0 fin mars). Si vous avez envie de pratiquer un sport accessible et peu traumatisant, entretenir votre forme, vous oxyg\u00e9ner, vous d\u00e9stresser en pleine nature, partager des moments de convivialit\u00e9 et que vous \u00eatre capables de marcher une vingtaine de kilom\u00e8tres, nous vous attendons.<\/p>\n<p>Pour une randonn\u00e9e d\u2019essai (possible jusqu\u2019\u00e0 fin octobre), n\u2019h\u00e9sitez pas \u00e0 nous contacter.<\/p>\n<p>Notre club est affili\u00e9 \u00e0 la F\u00e9d\u00e9ration fran\u00e7aise de randonn\u00e9e.<\/p>\n<p><strong>Contact<\/strong><\/p>\n<p>Sylvie Simon<br \/>\nPr\u00e9sidente : 06 74 61 93 48<\/p>\n<p>Marie-Jeanne Renaut<br \/>\nTr\u00e9sori\u00e8re : 06 75 05 13 09<\/p>\n<p><strong>Informations sp\u00e9cifiques<\/strong><\/p>\n<p>Fournir un certificat m\u00e9dical de non contre-indication.<\/p>\n<p>Venir avec une paire de chaussures de randonn\u00e9e, une tenue adapt\u00e9e \u00e0 la saison et un sac \u00e0 dos comprenant :<\/p>\n<ul>\n<li>Le pique-nique et la boisson<\/li>\n<li>Une pi\u00e8ce d\u2019identit\u00e9, la carte FFRP et la carte vitale \u2022 De l\u2019argent en esp\u00e8ces pour le covoiturage \u2022 Des v\u00eatements de pluie \u2022 Une lampe de poche, des pansements\u2026 Cotisation de 50\u20ac + covoiturage 6\u20ac par personne par randonn\u00e9e.<\/li>\n<\/ul>\n<p><strong>Lieux et horaires<\/strong><\/p>\n<p>Rendez-vous \u00e0 la Maison des Sports<br \/>\n44 avenue Karl Marx<\/p>\n<p>&nbsp;<\/p>\n<p>&nbsp;<\/p>\n","protected":false},"excerpt":{"rendered":"<p>Descriptif de l\u2019association Les bienfaits de la randonn\u00e9e p\u00e9destre pour la sant\u00e9 et le moral sont largement d\u00e9montr\u00e9s. Notre association vous propose de pratiquer cette activit\u00e9 le dimanche sur les chemins de l\u2019Ile-de-France (chaque dimanche jusque fin octobre et d\u2019avril \u00e0 fin juin, un dimanche sur deux de novembre \u00e0 fin mars). Si vous avez [&hellip;]<\/p>\n","protected":false},"author":3,"featured_media":0,"parent":105,"menu_order":0,"comment_status":"closed","ping_status":"closed","template":"page-templates\/full-width.php","meta":{"footnotes":""},"class_list":["post-265","page","type-page","status-publish","hentry"],"_links":{"self":[{"href":"https:\/\/omsvillejuif.fr\/blog\/wp-json\/wp\/v2\/pages\/265","targetHints":{"allow":["GET"]}}],"collection":[{"href":"https:\/\/omsvillejuif.fr\/blog\/wp-json\/wp\/v2\/pages"}],"about":[{"href":"https:\/\/omsvillejuif.fr\/blog\/wp-json\/wp\/v2\/types\/page"}],"author":[{"embeddable":true,"href":"https:\/\/omsvillejuif.fr\/blog\/wp-json\/wp\/v2\/users\/3"}],"replies":[{"embeddable":true,"href":"https:\/\/omsvillejuif.fr\/blog\/wp-json\/wp\/v2\/comments?post=265"}],"version-history":[{"count":20,"href":"https:\/\/omsvillejuif.fr\/blog\/wp-json\/wp\/v2\/pages\/265\/revisions"}],"predecessor-version":[{"id":1698,"href":"https:\/\/omsvillejuif.fr\/blog\/wp-json\/wp\/v2\/pages\/265\/revisions\/1698"}],"up":[{"embeddable":true,"href":"https:\/\/omsvillejuif.fr\/blog\/wp-json\/wp\/v2\/pages\/105"}],"wp:attachment":[{"href":"https:\/\/omsvillejuif.fr\/blog\/wp-json\/wp\/v2\/media?parent=265"}],"curies":[{"name":"wp","href":"https:\/\/api.w.org\/{rel}","templated":true}]}}

USV Randonnée

<p><img loading="lazy" decoding="async" class="alignnone size-medium wp-image-1695" src="https://omsvillejuif.fr/blog/wp-content/uploads/2025/02/Photo-Randonnee-2-225x300.jpg" alt="" width="225" height="300" srcset="https://omsvillejuif.fr/blog/wp-content/uploads/2025/02/Photo-Randonnee-2-225x300.jpg 225w, https://omsvillejuif.fr/blog/wp-content/uploads/2025/02/Photo-Randonnee-2-768x1024.jpg 768w, https://omsvillejuif.fr/blog/wp-content/uploads/2025/02/Photo-Randonnee-2-1152x1536.jpg 1152w, https://omsvillejuif.fr/blog/wp-content/uploads/2025/02/Photo-Randonnee-2-624x832.jpg 624w, https://omsvillejuif.fr/blog/wp-content/uploads/2025/02/Photo-Randonnee-2.jpg 1530w" sizes="auto, (max-width: 225px) 100vw, 225px" /> <img loading="lazy" decoding="async" class="alignnone size-medium wp-image-1696" src="https://omsvillejuif.fr/blog/wp-content/uploads/2025/02/Photo-Randonnee-1--225x300.jpeg" alt="" width="225" height="300" srcset="https://omsvillejuif.fr/blog/wp-content/uploads/2025/02/Photo-Randonnee-1--225x300.jpeg 225w, https://omsvillejuif.fr/blog/wp-content/uploads/2025/02/Photo-Randonnee-1--768x1024.jpeg 768w, https://omsvillejuif.fr/blog/wp-content/uploads/2025/02/Photo-Randonnee-1--1152x1536.jpeg 1152w, https://omsvillejuif.fr/blog/wp-content/uploads/2025/02/Photo-Randonnee-1--624x832.jpeg 624w, https://omsvillejuif.fr/blog/wp-content/uploads/2025/02/Photo-Randonnee-1-.jpeg 1530w" sizes="auto, (max-width: 225px) 100vw, 225px" /></p>
<p><strong>Descriptif de l’association</strong></p>
<p>Les bienfaits de la randonnée pédestre pour la santé et le moral sont largement démontrés. Notre association vous propose de pratiquer cette activité le dimanche sur les chemins de l’Ile-de-France (chaque dimanche jusque fin octobre et d’avril à fin juin, un dimanche sur deux de novembre à fin mars). Si vous avez envie de pratiquer un sport accessible et peu traumatisant, entretenir votre forme, vous oxygéner, vous déstresser en pleine nature, partager des moments de convivialité et que vous être capables de marcher une vingtaine de kilomètres, nous vous attendons.</p>
<p>Pour une randonnée d’essai (possible jusqu’à fin octobre), n’hésitez pas à nous contacter.</p>
<p>Notre club est affilié à la Fédération française de randonnée.</p>
<p><strong>Contact</strong></p>
<p>Sylvie Simon<br />
Présidente : 06 74 61 93 48</p>
<p>Marie-Jeanne Renaut<br />
Trésorière : 06 75 05 13 09</p>
<p><strong>Informations spécifiques</strong></p>
<p>Fournir un certificat médical de non contre-indication.</p>
<p>Venir avec une paire de chaussures de randonnée, une tenue adaptée à la saison et un sac à dos comprenant :</p>
<ul>
<li>Le pique-nique et la boisson</li>
<li>Une pièce d’identité, la carte FFRP et la carte vitale • De l’argent en espèces pour le covoiturage • Des vêtements de pluie • Une lampe de poche, des pansements… Cotisation de 50€ + covoiturage 6€ par personne par randonnée.</li>
</ul>
<p><strong>Lieux et horaires</strong></p>
<p>Rendez-vous à la Maison des Sports<br />
44 avenue Karl Marx</p>
<p>&nbsp;</p>
<p>&nbsp;</p>

<p>Descriptif de l’association Les bienfaits de la randonnée pédestre pour la santé et le moral sont largement démontrés. Notre association vous propose de pratiquer cette activité le dimanche sur les chemins de l’Ile-de-France (chaque dimanche jusque fin octobre et d’avril à fin juin, un dimanche sur deux de novembre à fin mars). Si vous avez [&hellip;]</p>
