{"id":241,"date":"2017-06-12T16:10:12","date_gmt":"2017-06-12T14:10:12","guid":{"rendered":"http:\/\/omsvillejuif.fr\/blog\/?page_id=241"},"modified":"2025-02-19T10:02:35","modified_gmt":"2025-02-19T09:02:35","slug":"usv-gymnastique","status":"publish","type":"page","link":"https:\/\/omsvillejuif.fr\/blog\/liste-des-clubs-adherents\/usv-gymnastique\/","title":{"rendered":"USV Gymnastique"},"content":{"rendered":"<p><img loading=\"lazy\" decoding=\"async\" class=\"wp-image-438 alignleft\" src=\"http:\/\/omsvillejuif.fr\/blog\/wp-content\/uploads\/2017\/06\/montage-bulletin-300x121.png\" alt=\"\" width=\"620\" height=\"250\" srcset=\"https:\/\/omsvillejuif.fr\/blog\/wp-content\/uploads\/2017\/06\/montage-bulletin-300x121.png 300w, https:\/\/omsvillejuif.fr\/blog\/wp-content\/uploads\/2017\/06\/montage-bulletin-768x310.png 768w, https:\/\/omsvillejuif.fr\/blog\/wp-content\/uploads\/2017\/06\/montage-bulletin-624x252.png 624w, https:\/\/omsvillejuif.fr\/blog\/wp-content\/uploads\/2017\/06\/montage-bulletin.png 790w\" sizes=\"auto, (max-width: 620px) 100vw, 620px\" \/><\/p>\n<p><strong>Contact<\/strong><\/p>\n<p>Jacqueline Jouassin-Nouri (Pr\u00e9sidente)<br \/>\n<a title=\"Adresse Email du club\" href=\"mailto:jacline7@outlook.fr\" target=\"_blank\" rel=\"noopener\"><img loading=\"lazy\" decoding=\"async\" class=\"alignnone wp-image-93\" src=\"http:\/\/omsvillejuif.fr\/blog\/wp-content\/uploads\/2017\/05\/Email.png\" alt=\"\" width=\"43\" height=\"43\" \/><\/a><a title=\"Num\u00e9ro de tel +33 6 81 07 24 60\" href=\"tel:+33681072460\"><img loading=\"lazy\" decoding=\"async\" class=\"alignnone wp-image-97\" src=\"http:\/\/omsvillejuif.fr\/blog\/wp-content\/uploads\/2017\/05\/telephone-1-300x300.png\" alt=\"\" width=\"43\" height=\"43\" srcset=\"https:\/\/omsvillejuif.fr\/blog\/wp-content\/uploads\/2017\/05\/telephone-1-300x300.png 300w, https:\/\/omsvillejuif.fr\/blog\/wp-content\/uploads\/2017\/05\/telephone-1-150x150.png 150w, https:\/\/omsvillejuif.fr\/blog\/wp-content\/uploads\/2017\/05\/telephone-1.png 392w\" sizes=\"auto, (max-width: 43px) 100vw, 43px\" \/><br \/>\n<\/a>Marie-Claude Pr\u00e9moli (Tr\u00e9sori\u00e8re)<br \/>\n<a title=\"Adresse Email du club\" href=\"mailto:marieclaude.premoli1@neuf.fr\" target=\"_blank\" rel=\"noopener noreferrer\"><img loading=\"lazy\" decoding=\"async\" class=\"alignnone wp-image-93\" src=\"http:\/\/omsvillejuif.fr\/blog\/wp-content\/uploads\/2017\/05\/Email.png\" alt=\"\" width=\"43\" height=\"43\" \/><\/a><a title=\"Num\u00e9ro de tel +33 0 6 85 73 50 17\" href=\"tel:+33685735017\"><img loading=\"lazy\" decoding=\"async\" class=\"alignnone wp-image-97\" src=\"http:\/\/omsvillejuif.fr\/blog\/wp-content\/uploads\/2017\/05\/telephone-1-300x300.png\" alt=\"\" width=\"43\" height=\"43\" srcset=\"https:\/\/omsvillejuif.fr\/blog\/wp-content\/uploads\/2017\/05\/telephone-1-300x300.png 300w, https:\/\/omsvillejuif.fr\/blog\/wp-content\/uploads\/2017\/05\/telephone-1-150x150.png 150w, https:\/\/omsvillejuif.fr\/blog\/wp-content\/uploads\/2017\/05\/telephone-1.png 392w\" sizes=\"auto, (max-width: 43px) 100vw, 43px\" \/><\/a><br \/>\n<a title=\"Site web du club\" href=\"http:\/\/www.usvillejuifgym.fr\" target=\"_blank\" rel=\"noopener\"><img loading=\"lazy\" decoding=\"async\" class=\"alignnone wp-image-95\" src=\"http:\/\/omsvillejuif.fr\/blog\/wp-content\/uploads\/2017\/05\/site-web.png\" alt=\"\" width=\"43\" height=\"43\" srcset=\"https:\/\/omsvillejuif.fr\/blog\/wp-content\/uploads\/2017\/05\/site-web.png 250w, https:\/\/omsvillejuif.fr\/blog\/wp-content\/uploads\/2017\/05\/site-web-150x150.png 150w\" sizes=\"auto, (max-width: 43px) 100vw, 43px\" \/>\u00a0<\/a><a href=\"https:\/\/www.facebook.com\/groups\/255691674625598\" target=\"_blank\" rel=\"noopener\"><img loading=\"lazy\" decoding=\"async\" class=\"alignnone wp-image-94\" src=\"https:\/\/omsvillejuif.fr\/blog\/wp-content\/uploads\/2017\/05\/facebook-logo-4-300x300.png\" alt=\"\" width=\"45\" height=\"45\" srcset=\"https:\/\/omsvillejuif.fr\/blog\/wp-content\/uploads\/2017\/05\/facebook-logo-4-300x300.png 300w, https:\/\/omsvillejuif.fr\/blog\/wp-content\/uploads\/2017\/05\/facebook-logo-4-150x150.png 150w, https:\/\/omsvillejuif.fr\/blog\/wp-content\/uploads\/2017\/05\/facebook-logo-4-768x768.png 768w, https:\/\/omsvillejuif.fr\/blog\/wp-content\/uploads\/2017\/05\/facebook-logo-4-624x624.png 624w, https:\/\/omsvillejuif.fr\/blog\/wp-content\/uploads\/2017\/05\/facebook-logo-4.png 1024w\" sizes=\"auto, (max-width: 45px) 100vw, 45px\" \/><\/a><\/p>\n<p><strong>Descriptif de l\u2019association<\/strong><\/p>\n<p>Toutes les cat\u00e9gories d\u2019\u00e2ges sont accueillies \u00e0 l\u2019USV Gym, de 9 mois (motricit\u00e9) jusqu\u2019\u00e0 l\u2019\u00e2ge de la retraite (fitness), loisir ou comp\u00e9tition, en passant par les enfants et adultes handicap\u00e9s avec troubles du comportement.<br \/>\nNous disposons d&rsquo;une salle sp\u00e9cialis\u00e9e permettant la pratique de toutes nos activit\u00e9s dans de tr\u00e8s bonnes conditions.<br \/>\nPour tous les cours, les adh\u00e9rents doivent \u00eatre assidus et ponctuels, surtout en comp\u00e9titions (3 fois par semaine minimum). Ils pratiqueront un sport individuel, mais qui demande aussi un esprit d\u2019\u00e9quipe, o\u00f9 l\u2019on enseigne la discipline, la volont\u00e9, la force, la gr\u00e2ce et le respect.<br \/>\nLes cours sont donn\u00e9s par des entra\u00eeneurs titulaires du Brevet d\u2019\u00c9tat et des animateurs en formation f\u00e9d\u00e9rale, titulaires, au minimum du 1<sup>er<\/sup> degr\u00e9.<\/p>\n<p><em><strong>Cotisations\u00a0:<\/strong><\/em><strong><em><br \/>\n<\/em><\/strong><em>Le prix varie de 250\u20ac \u00e0 340\u20ac selon le groupe et correspond \u00e0 une adh\u00e9sion au club (adh\u00e9sion + licence + assurance + frais de fonctionnement) et non \u00e0 un nombre de cours effectu\u00e9s (les cours sont gratuits). <strong>Aucune cotisation pay\u00e9e ne sera remboursable.<\/strong><\/em><\/p>\n<p><strong>Inscriptions en ligne <a href=\"https:\/\/villejuif.monclub.app\/subscription\">https:\/\/villejuif.monclub.app\/\/subscription<\/a><\/strong><\/p>\n<div data-ogsc=\"black\"><span data-ogsc=\"\" data-ogsb=\"yellow\"><b data-ogsc=\"\" data-olk-copy-source=\"MessageBody\">Pour les personnes qui d\u00e9sirent payer en ch\u00e8que, coupons sport ou en esp\u00e8ces, vous pourrez, apr\u00e8s avoir fait\u00a0<u data-ogsc=\"\">l\u2019inscription en ligne<\/u>, venir r\u00e9gler aux permanences les mercredis 10-17-24 septembre de 14h \u00e0 18h et samedis 14-20-27 septembre de 10h \u00e0 12h.<\/b><\/span><\/div>\n<div data-ogsc=\"black\"><span data-ogsc=\"\" data-ogsb=\"yellow\"><b data-ogsc=\"\">Complexe sportif Guy Boniface. 32, avenue Louis Aragon<\/b><\/span><\/div>\n<div data-ogsc=\"black\"><\/div>\n<p>&nbsp;<\/p>\n<p><strong>Lieux et horaires<br \/>\n<\/strong>Complexe sportif Guy Boniface. 32, avenue Louis Aragon, pour les horaires consulter le site.<\/p>\n<p>&nbsp;<\/p>\n<p>&nbsp;<\/p>\n","protected":false},"excerpt":{"rendered":"<p>Contact Jacqueline Jouassin-Nouri (Pr\u00e9sidente) Marie-Claude Pr\u00e9moli (Tr\u00e9sori\u00e8re) \u00a0 Descriptif de l\u2019association Toutes les cat\u00e9gories d\u2019\u00e2ges sont accueillies \u00e0 l\u2019USV Gym, de 9 mois (motricit\u00e9) jusqu\u2019\u00e0 l\u2019\u00e2ge de la retraite (fitness), loisir ou comp\u00e9tition, en passant par les enfants et adultes handicap\u00e9s avec troubles du comportement. Nous disposons d&rsquo;une salle sp\u00e9cialis\u00e9e permettant la pratique de toutes [&hellip;]<\/p>\n","protected":false},"author":3,"featured_media":0,"parent":105,"menu_order":0,"comment_status":"closed","ping_status":"closed","template":"page-templates\/full-width.php","meta":{"footnotes":""},"class_list":["post-241","page","type-page","status-publish","hentry"],"_links":{"self":[{"href":"https:\/\/omsvillejuif.fr\/blog\/wp-json\/wp\/v2\/pages\/241","targetHints":{"allow":["GET"]}}],"collection":[{"href":"https:\/\/omsvillejuif.fr\/blog\/wp-json\/wp\/v2\/pages"}],"about":[{"href":"https:\/\/omsvillejuif.fr\/blog\/wp-json\/wp\/v2\/types\/page"}],"author":[{"embeddable":true,"href":"https:\/\/omsvillejuif.fr\/blog\/wp-json\/wp\/v2\/users\/3"}],"replies":[{"embeddable":true,"href":"https:\/\/omsvillejuif.fr\/blog\/wp-json\/wp\/v2\/comments?post=241"}],"version-history":[{"count":17,"href":"https:\/\/omsvillejuif.fr\/blog\/wp-json\/wp\/v2\/pages\/241\/revisions"}],"predecessor-version":[{"id":1665,"href":"https:\/\/omsvillejuif.fr\/blog\/wp-json\/wp\/v2\/pages\/241\/revisions\/1665"}],"up":[{"embeddable":true,"href":"https:\/\/omsvillejuif.fr\/blog\/wp-json\/wp\/v2\/pages\/105"}],"wp:attachment":[{"href":"https:\/\/omsvillejuif.fr\/blog\/wp-json\/wp\/v2\/media?parent=241"}],"curies":[{"name":"wp","href":"https:\/\/api.w.org\/{rel}","templated":true}]}}

<p><img loading="lazy" decoding="async" class="wp-image-438 alignleft" src="http://omsvillejuif.fr/blog/wp-content/uploads/2017/06/montage-bulletin-300x121.png" alt="" width="620" height="250" srcset="https://omsvillejuif.fr/blog/wp-content/uploads/2017/06/montage-bulletin-300x121.png 300w, https://omsvillejuif.fr/blog/wp-content/uploads/2017/06/montage-bulletin-768x310.png 768w, https://omsvillejuif.fr/blog/wp-content/uploads/2017/06/montage-bulletin-624x252.png 624w, https://omsvillejuif.fr/blog/wp-content/uploads/2017/06/montage-bulletin.png 790w" sizes="auto, (max-width: 620px) 100vw, 620px" /></p>
<p><strong>Contact</strong></p>
<p>Jacqueline Jouassin-Nouri (Présidente)<br />
<a title="Adresse Email du club" href="mailto:jacline7@outlook.fr" target="_blank" rel="noopener"><img loading="lazy" decoding="async" class="alignnone wp-image-93" src="http://omsvillejuif.fr/blog/wp-content/uploads/2017/05/Email.png" alt="" width="43" height="43" /></a><a title="Numéro de tel +33 6 81 07 24 60" href="tel:+33681072460"><img loading="lazy" decoding="async" class="alignnone wp-image-97" src="http://omsvillejuif.fr/blog/wp-content/uploads/2017/05/telephone-1-300x300.png" alt="" width="43" height="43" srcset="https://omsvillejuif.fr/blog/wp-content/uploads/2017/05/telephone-1-300x300.png 300w, https://omsvillejuif.fr/blog/wp-content/uploads/2017/05/telephone-1-150x150.png 150w, https://omsvillejuif.fr/blog/wp-content/uploads/2017/05/telephone-1.png 392w" sizes="auto, (max-width: 43px) 100vw, 43px" /><br />
</a>Marie-Claude Prémoli (Trésorière)<br />
<a title="Adresse Email du club" href="mailto:marieclaude.premoli1@neuf.fr" target="_blank" rel="noopener noreferrer"><img loading="lazy" decoding="async" class="alignnone wp-image-93" src="http://omsvillejuif.fr/blog/wp-content/uploads/2017/05/Email.png" alt="" width="43" height="43" /></a><a title="Numéro de tel +33 0 6 85 73 50 17" href="tel:+33685735017"><img loading="lazy" decoding="async" class="alignnone wp-image-97" src="http://omsvillejuif.fr/blog/wp-content/uploads/2017/05/telephone-1-300x300.png" alt="" width="43" height="43" srcset="https://omsvillejuif.fr/blog/wp-content/uploads/2017/05/telephone-1-300x300.png 300w, https://omsvillejuif.fr/blog/wp-content/uploads/2017/05/telephone-1-150x150.png 150w, https://omsvillejuif.fr/blog/wp-content/uploads/2017/05/telephone-1.png 392w" sizes="auto, (max-width: 43px) 100vw, 43px" /></a><br />
<a title="Site web du club" href="http://www.usvillejuifgym.fr" target="_blank" rel="noopener"><img loading="lazy" decoding="async" class="alignnone wp-image-95" src="http://omsvillejuif.fr/blog/wp-content/uploads/2017/05/site-web.png" alt="" width="43" height="43" srcset="https://omsvillejuif.fr/blog/wp-content/uploads/2017/05/site-web.png 250w, https://omsvillejuif.fr/blog/wp-content/uploads/2017/05/site-web-150x150.png 150w" sizes="auto, (max-width: 43px) 100vw, 43px" /> </a><a href="https://www.facebook.com/groups/255691674625598" target="_blank" rel="noopener"><img loading="lazy" decoding="async" class="alignnone wp-image-94" src="https://omsvillejuif.fr/blog/wp-content/uploads/2017/05/facebook-logo-4-300x300.png" alt="" width="45" height="45" srcset="https://omsvillejuif.fr/blog/wp-content/uploads/2017/05/facebook-logo-4-300x300.png 300w, https://omsvillejuif.fr/blog/wp-content/uploads/2017/05/facebook-logo-4-150x150.png 150w, https://omsvillejuif.fr/blog/wp-content/uploads/2017/05/facebook-logo-4-768x768.png 768w, https://omsvillejuif.fr/blog/wp-content/uploads/2017/05/facebook-logo-4-624x624.png 624w, https://omsvillejuif.fr/blog/wp-content/uploads/2017/05/facebook-logo-4.png 1024w" sizes="auto, (max-width: 45px) 100vw, 45px" /></a></p>
<p><strong>Descriptif de l’association</strong></p>
<p>Toutes les catégories d’âges sont accueillies à l’USV Gym, de 9 mois (motricité) jusqu’à l’âge de la retraite (fitness), loisir ou compétition, en passant par les enfants et adultes handicapés avec troubles du comportement.<br />
Nous disposons d&rsquo;une salle spécialisée permettant la pratique de toutes nos activités dans de très bonnes conditions.<br />
Pour tous les cours, les adhérents doivent être assidus et ponctuels, surtout en compétitions (3 fois par semaine minimum). Ils pratiqueront un sport individuel, mais qui demande aussi un esprit d’équipe, où l’on enseigne la discipline, la volonté, la force, la grâce et le respect.<br />
Les cours sont donnés par des entraîneurs titulaires du Brevet d’État et des animateurs en formation fédérale, titulaires, au minimum du 1<sup>er</sup> degré.</p>
<p><em><strong>Cotisations :</strong></em><strong><em><br />
</em></strong><em>Le prix varie de 250€ à 340€ selon le groupe et correspond à une adhésion au club (adhésion + licence + assurance + frais de fonctionnement) et non à un nombre de cours effectués (les cours sont gratuits). <strong>Aucune cotisation payée ne sera remboursable.</strong></em></p>
<p><strong>Inscriptions en ligne <a href="https://villejuif.monclub.app/subscription">https://villejuif.monclub.app//subscription</a></strong></p>
<div data-ogsc="black"><span data-ogsc="" data-ogsb="yellow"><b data-ogsc="" data-olk-copy-source="MessageBody">Pour les personnes qui désirent payer en chèque, coupons sport ou en espèces, vous pourrez, après avoir fait <u data-ogsc="">l’inscription en ligne</u>, venir régler aux permanences les mercredis 10-17-24 septembre de 14h à 18h et samedis 14-20-27 septembre de 10h à 12h.</b></span></div>
<div data-ogsc="black"><span data-ogsc="" data-ogsb="yellow"><b data-ogsc="">Complexe sportif Guy Boniface. 32, avenue Louis Aragon</b></span></div>
<div data-ogsc="black"></div>
<p>&nbsp;</p>
<p><strong>Lieux et horaires<br />
</strong>Complexe sportif Guy Boniface. 32, avenue Louis Aragon, pour les horaires consulter le site.</p>
<p>&nbsp;</p>
<p>&nbsp;</p>

<p>Contact Jacqueline Jouassin-Nouri (Présidente) Marie-Claude Prémoli (Trésorière)   Descriptif de l’association Toutes les catégories d’âges sont accueillies à l’USV Gym, de 9 mois (motricité) jusqu’à l’âge de la retraite (fitness), loisir ou compétition, en passant par les enfants et adultes handicapés avec troubles du comportement. Nous disposons d&rsquo;une salle spécialisée permettant la pratique de toutes [&hellip;]</p>
