{"id":226,"date":"2017-06-10T12:57:46","date_gmt":"2017-06-10T10:57:46","guid":{"rendered":"http:\/\/omsvillejuif.fr\/blog\/?page_id=226"},"modified":"2018-08-31T13:01:51","modified_gmt":"2018-08-31T11:01:51","slug":"usv-cyclotourisme","status":"publish","type":"page","link":"https:\/\/omsvillejuif.fr\/blog\/liste-des-clubs-adherents\/usv-cyclotourisme\/","title":{"rendered":"USV Cyclotourisme"},"content":{"rendered":"<p><img loading=\"lazy\" decoding=\"async\" class=\"wp-image-497 size-large alignleft\" src=\"http:\/\/omsvillejuif.fr\/blog\/wp-content\/uploads\/2017\/06\/USV-cyclo-montage-8-1024x576.jpg\" alt=\"\" width=\"625\" height=\"352\" srcset=\"https:\/\/omsvillejuif.fr\/blog\/wp-content\/uploads\/2017\/06\/USV-cyclo-montage-8-1024x576.jpg 1024w, https:\/\/omsvillejuif.fr\/blog\/wp-content\/uploads\/2017\/06\/USV-cyclo-montage-8-300x169.jpg 300w, https:\/\/omsvillejuif.fr\/blog\/wp-content\/uploads\/2017\/06\/USV-cyclo-montage-8-768x432.jpg 768w, https:\/\/omsvillejuif.fr\/blog\/wp-content\/uploads\/2017\/06\/USV-cyclo-montage-8-624x351.jpg 624w, https:\/\/omsvillejuif.fr\/blog\/wp-content\/uploads\/2017\/06\/USV-cyclo-montage-8.jpg 1366w\" sizes=\"auto, (max-width: 625px) 100vw, 625px\" \/><\/p>\n<p>&nbsp;<\/p>\n<p><strong>Contact<\/strong><\/p>\n<p>Philippe Le Bris (Pr\u00e9sident)<br \/>\n<a title=\"Num\u00e9ro de tel +33 6 32 61 27 43\" href=\"tel:+33632612743\"><img loading=\"lazy\" decoding=\"async\" class=\"alignnone wp-image-97\" src=\"http:\/\/omsvillejuif.fr\/blog\/wp-content\/uploads\/2017\/05\/telephone-1-300x300.png\" alt=\"\" width=\"43\" height=\"43\" srcset=\"https:\/\/omsvillejuif.fr\/blog\/wp-content\/uploads\/2017\/05\/telephone-1-300x300.png 300w, https:\/\/omsvillejuif.fr\/blog\/wp-content\/uploads\/2017\/05\/telephone-1-150x150.png 150w, https:\/\/omsvillejuif.fr\/blog\/wp-content\/uploads\/2017\/05\/telephone-1.png 392w\" sizes=\"auto, (max-width: 43px) 100vw, 43px\" \/><\/a><br \/>\nDaniel Audouit (Secr\u00e9taire)<br \/>\n<a title=\"Num\u00e9ro de tel +33 6 29 40 05 18\" href=\"tel:+33629400518\"><img loading=\"lazy\" decoding=\"async\" class=\"alignnone wp-image-97\" src=\"http:\/\/omsvillejuif.fr\/blog\/wp-content\/uploads\/2017\/05\/telephone-1-300x300.png\" alt=\"\" width=\"43\" height=\"43\" srcset=\"https:\/\/omsvillejuif.fr\/blog\/wp-content\/uploads\/2017\/05\/telephone-1-300x300.png 300w, https:\/\/omsvillejuif.fr\/blog\/wp-content\/uploads\/2017\/05\/telephone-1-150x150.png 150w, https:\/\/omsvillejuif.fr\/blog\/wp-content\/uploads\/2017\/05\/telephone-1.png 392w\" sizes=\"auto, (max-width: 43px) 100vw, 43px\" \/><\/a><br \/>\n<a title=\"Page Facebook du club\" href=\"https:\/\/www.facebook.com\/groups\/usvillejuifcyclo\/\" target=\"_blank\" rel=\"noopener noreferrer\"><img loading=\"lazy\" decoding=\"async\" class=\"alignnone wp-image-94\" src=\"http:\/\/omsvillejuif.fr\/blog\/wp-content\/uploads\/2017\/05\/facebook-logo-4-300x300.png\" alt=\"\" width=\"43\" height=\"43\" srcset=\"https:\/\/omsvillejuif.fr\/blog\/wp-content\/uploads\/2017\/05\/facebook-logo-4-300x300.png 300w, https:\/\/omsvillejuif.fr\/blog\/wp-content\/uploads\/2017\/05\/facebook-logo-4-150x150.png 150w, https:\/\/omsvillejuif.fr\/blog\/wp-content\/uploads\/2017\/05\/facebook-logo-4-768x768.png 768w, https:\/\/omsvillejuif.fr\/blog\/wp-content\/uploads\/2017\/05\/facebook-logo-4-624x624.png 624w, https:\/\/omsvillejuif.fr\/blog\/wp-content\/uploads\/2017\/05\/facebook-logo-4.png 1024w\" sizes=\"auto, (max-width: 43px) 100vw, 43px\" \/><\/a><\/p>\n<p>&nbsp;<\/p>\n<p>&nbsp;<\/p>\n<p><strong>Descriptif de l\u2019association<\/strong><\/p>\n<p>L\u2019USV Cyclotourisme f\u00eate cette ann\u00e9e ses 40 ans. Sur ce th\u00e8me se d\u00e9roulera le 21 octobre 2018 une randonn\u00e9e anniversaire au d\u00e9part de Villejuif, ouverte \u00e0 tous.<br \/>\nAffili\u00e9e \u00e0 la F\u00e9d\u00e9ration Fran\u00e7aise de Cyclotourisme (FFCT), notre association vise \u00e0 promouvoir et organiser les pratiques de la bicyclette en dehors de tout esprit de comp\u00e9tition, dans le cadre d\u2019une activit\u00e9 sportive et de loisir, porteuse de bienfaits pour la sant\u00e9.<br \/>\n\u00c0 partir de 18 ans, femmes ou hommes, nous vous accueillerons dans nos groupes de niveau, dans un esprit de convivialit\u00e9 et de solidarit\u00e9.<br \/>\nNous proposons le dimanche matin et en semaine, des sorties \u00e0 v\u00e9lo sur des distances variables de 50kms \u00e0 100kms suivant les groupes et la saison, pour d\u00e9couvrir nos routes de campagne en \u00cele-de-France.<br \/>\nDes randonn\u00e9es \u00e0 la journ\u00e9e ou sur plusieurs jours, organis\u00e9es par la FFCT, ou par nous-m\u00eames, ou par d\u2019autres clubs cyclistes, vous permettront de d\u00e9couvrir d\u2019autres r\u00e9gions.<\/p>\n<p>Les VAE (v\u00e9los \u00e0 assistance \u00e9lectrique) sont accept\u00e9s dans nos sorties de groupe.<\/p>\n<p><strong>Informations sp\u00e9cifiques<\/strong><\/p>\n<p>Fournir un certificat m\u00e9dical de non contre-indication \u00e0 la pratique du cyclotourisme (moins de 3 mois).<\/p>\n<p><em>Cotisations\u00a0:<br \/>\n<\/em><em>Jeunes de moins de 18 ans\u00a0: de 49,50\u20ac \u00e0 97,50\u20ac<br \/>\n<\/em><em>Adultes\u00a0: de 65\u20ac \u00e0 113\u20ac.<br \/>\n<\/em><em>Tarifs en fonction de l\u2019assurance choisie.<\/em><\/p>\n<p><strong>Lieux et horaires<\/strong><\/p>\n<p>Rendez-vous \u00e0 la Maison des Sports. 44 avenue Karl Marx<\/p>\n<p><img loading=\"lazy\" decoding=\"async\" class=\"alignnone wp-image-499\" src=\"http:\/\/omsvillejuif.fr\/blog\/wp-content\/uploads\/2017\/06\/tableau-bulletin-cyclo-300x128.png\" alt=\"\" width=\"460\" height=\"196\" srcset=\"https:\/\/omsvillejuif.fr\/blog\/wp-content\/uploads\/2017\/06\/tableau-bulletin-cyclo-300x128.png 300w, https:\/\/omsvillejuif.fr\/blog\/wp-content\/uploads\/2017\/06\/tableau-bulletin-cyclo-768x327.png 768w, https:\/\/omsvillejuif.fr\/blog\/wp-content\/uploads\/2017\/06\/tableau-bulletin-cyclo-624x266.png 624w, https:\/\/omsvillejuif.fr\/blog\/wp-content\/uploads\/2017\/06\/tableau-bulletin-cyclo.png 926w\" sizes=\"auto, (max-width: 460px) 100vw, 460px\" \/><\/p>\n<p>&nbsp;<\/p>\n","protected":false},"excerpt":{"rendered":"<p>&nbsp; Contact Philippe Le Bris (Pr\u00e9sident) Daniel Audouit (Secr\u00e9taire) &nbsp; &nbsp; Descriptif de l\u2019association L\u2019USV Cyclotourisme f\u00eate cette ann\u00e9e ses 40 ans. Sur ce th\u00e8me se d\u00e9roulera le 21 octobre 2018 une randonn\u00e9e anniversaire au d\u00e9part de Villejuif, ouverte \u00e0 tous. Affili\u00e9e \u00e0 la F\u00e9d\u00e9ration Fran\u00e7aise de Cyclotourisme (FFCT), notre association vise \u00e0 promouvoir et [&hellip;]<\/p>\n","protected":false},"author":3,"featured_media":0,"parent":105,"menu_order":0,"comment_status":"closed","ping_status":"closed","template":"page-templates\/full-width.php","meta":{"footnotes":""},"class_list":["post-226","page","type-page","status-publish","hentry"],"_links":{"self":[{"href":"https:\/\/omsvillejuif.fr\/blog\/wp-json\/wp\/v2\/pages\/226","targetHints":{"allow":["GET"]}}],"collection":[{"href":"https:\/\/omsvillejuif.fr\/blog\/wp-json\/wp\/v2\/pages"}],"about":[{"href":"https:\/\/omsvillejuif.fr\/blog\/wp-json\/wp\/v2\/types\/page"}],"author":[{"embeddable":true,"href":"https:\/\/omsvillejuif.fr\/blog\/wp-json\/wp\/v2\/users\/3"}],"replies":[{"embeddable":true,"href":"https:\/\/omsvillejuif.fr\/blog\/wp-json\/wp\/v2\/comments?post=226"}],"version-history":[{"count":8,"href":"https:\/\/omsvillejuif.fr\/blog\/wp-json\/wp\/v2\/pages\/226\/revisions"}],"predecessor-version":[{"id":876,"href":"https:\/\/omsvillejuif.fr\/blog\/wp-json\/wp\/v2\/pages\/226\/revisions\/876"}],"up":[{"embeddable":true,"href":"https:\/\/omsvillejuif.fr\/blog\/wp-json\/wp\/v2\/pages\/105"}],"wp:attachment":[{"href":"https:\/\/omsvillejuif.fr\/blog\/wp-json\/wp\/v2\/media?parent=226"}],"curies":[{"name":"wp","href":"https:\/\/api.w.org\/{rel}","templated":true}]}}

<p><img loading="lazy" decoding="async" class="wp-image-497 size-large alignleft" src="http://omsvillejuif.fr/blog/wp-content/uploads/2017/06/USV-cyclo-montage-8-1024x576.jpg" alt="" width="625" height="352" srcset="https://omsvillejuif.fr/blog/wp-content/uploads/2017/06/USV-cyclo-montage-8-1024x576.jpg 1024w, https://omsvillejuif.fr/blog/wp-content/uploads/2017/06/USV-cyclo-montage-8-300x169.jpg 300w, https://omsvillejuif.fr/blog/wp-content/uploads/2017/06/USV-cyclo-montage-8-768x432.jpg 768w, https://omsvillejuif.fr/blog/wp-content/uploads/2017/06/USV-cyclo-montage-8-624x351.jpg 624w, https://omsvillejuif.fr/blog/wp-content/uploads/2017/06/USV-cyclo-montage-8.jpg 1366w" sizes="auto, (max-width: 625px) 100vw, 625px" /></p>
<p>&nbsp;</p>
<p><strong>Contact</strong></p>
<p>Philippe Le Bris (Président)<br />
<a title="Numéro de tel +33 6 32 61 27 43" href="tel:+33632612743"><img loading="lazy" decoding="async" class="alignnone wp-image-97" src="http://omsvillejuif.fr/blog/wp-content/uploads/2017/05/telephone-1-300x300.png" alt="" width="43" height="43" srcset="https://omsvillejuif.fr/blog/wp-content/uploads/2017/05/telephone-1-300x300.png 300w, https://omsvillejuif.fr/blog/wp-content/uploads/2017/05/telephone-1-150x150.png 150w, https://omsvillejuif.fr/blog/wp-content/uploads/2017/05/telephone-1.png 392w" sizes="auto, (max-width: 43px) 100vw, 43px" /></a><br />
Daniel Audouit (Secrétaire)<br />
<a title="Numéro de tel +33 6 29 40 05 18" href="tel:+33629400518"><img loading="lazy" decoding="async" class="alignnone wp-image-97" src="http://omsvillejuif.fr/blog/wp-content/uploads/2017/05/telephone-1-300x300.png" alt="" width="43" height="43" srcset="https://omsvillejuif.fr/blog/wp-content/uploads/2017/05/telephone-1-300x300.png 300w, https://omsvillejuif.fr/blog/wp-content/uploads/2017/05/telephone-1-150x150.png 150w, https://omsvillejuif.fr/blog/wp-content/uploads/2017/05/telephone-1.png 392w" sizes="auto, (max-width: 43px) 100vw, 43px" /></a><br />
<a title="Page Facebook du club" href="https://www.facebook.com/groups/usvillejuifcyclo/" target="_blank" rel="noopener noreferrer"><img loading="lazy" decoding="async" class="alignnone wp-image-94" src="http://omsvillejuif.fr/blog/wp-content/uploads/2017/05/facebook-logo-4-300x300.png" alt="" width="43" height="43" srcset="https://omsvillejuif.fr/blog/wp-content/uploads/2017/05/facebook-logo-4-300x300.png 300w, https://omsvillejuif.fr/blog/wp-content/uploads/2017/05/facebook-logo-4-150x150.png 150w, https://omsvillejuif.fr/blog/wp-content/uploads/2017/05/facebook-logo-4-768x768.png 768w, https://omsvillejuif.fr/blog/wp-content/uploads/2017/05/facebook-logo-4-624x624.png 624w, https://omsvillejuif.fr/blog/wp-content/uploads/2017/05/facebook-logo-4.png 1024w" sizes="auto, (max-width: 43px) 100vw, 43px" /></a></p>
<p>&nbsp;</p>
<p>&nbsp;</p>
<p><strong>Descriptif de l’association</strong></p>
<p>L’USV Cyclotourisme fête cette année ses 40 ans. Sur ce thème se déroulera le 21 octobre 2018 une randonnée anniversaire au départ de Villejuif, ouverte à tous.<br />
Affiliée à la Fédération Française de Cyclotourisme (FFCT), notre association vise à promouvoir et organiser les pratiques de la bicyclette en dehors de tout esprit de compétition, dans le cadre d’une activité sportive et de loisir, porteuse de bienfaits pour la santé.<br />
À partir de 18 ans, femmes ou hommes, nous vous accueillerons dans nos groupes de niveau, dans un esprit de convivialité et de solidarité.<br />
Nous proposons le dimanche matin et en semaine, des sorties à vélo sur des distances variables de 50kms à 100kms suivant les groupes et la saison, pour découvrir nos routes de campagne en Île-de-France.<br />
Des randonnées à la journée ou sur plusieurs jours, organisées par la FFCT, ou par nous-mêmes, ou par d’autres clubs cyclistes, vous permettront de découvrir d’autres régions.</p>
<p>Les VAE (vélos à assistance électrique) sont acceptés dans nos sorties de groupe.</p>
<p><strong>Informations spécifiques</strong></p>
<p>Fournir un certificat médical de non contre-indication à la pratique du cyclotourisme (moins de 3 mois).</p>
<p><em>Cotisations :<br />
</em><em>Jeunes de moins de 18 ans : de 49,50€ à 97,50€<br />
</em><em>Adultes : de 65€ à 113€.<br />
</em><em>Tarifs en fonction de l’assurance choisie.</em></p>
<p><strong>Lieux et horaires</strong></p>
<p>Rendez-vous à la Maison des Sports. 44 avenue Karl Marx</p>
<p><img loading="lazy" decoding="async" class="alignnone wp-image-499" src="http://omsvillejuif.fr/blog/wp-content/uploads/2017/06/tableau-bulletin-cyclo-300x128.png" alt="" width="460" height="196" srcset="https://omsvillejuif.fr/blog/wp-content/uploads/2017/06/tableau-bulletin-cyclo-300x128.png 300w, https://omsvillejuif.fr/blog/wp-content/uploads/2017/06/tableau-bulletin-cyclo-768x327.png 768w, https://omsvillejuif.fr/blog/wp-content/uploads/2017/06/tableau-bulletin-cyclo-624x266.png 624w, https://omsvillejuif.fr/blog/wp-content/uploads/2017/06/tableau-bulletin-cyclo.png 926w" sizes="auto, (max-width: 460px) 100vw, 460px" /></p>
<p>&nbsp;</p>

<p>&nbsp; Contact Philippe Le Bris (Président) Daniel Audouit (Secrétaire) &nbsp; &nbsp; Descriptif de l’association L’USV Cyclotourisme fête cette année ses 40 ans. Sur ce thème se déroulera le 21 octobre 2018 une randonnée anniversaire au départ de Villejuif, ouverte à tous. Affiliée à la Fédération Française de Cyclotourisme (FFCT), notre association vise à promouvoir et [&hellip;]</p>
