{"id":218,"date":"2017-06-10T12:54:10","date_gmt":"2017-06-10T10:54:10","guid":{"rendered":"http:\/\/omsvillejuif.fr\/blog\/?page_id=218"},"modified":"2024-11-18T14:36:20","modified_gmt":"2024-11-18T13:36:20","slug":"usv-basket","status":"publish","type":"page","link":"https:\/\/omsvillejuif.fr\/blog\/liste-des-clubs-adherents\/usv-basket\/","title":{"rendered":"USV Basket"},"content":{"rendered":"<p><img loading=\"lazy\" decoding=\"async\" class=\"wp-image-401 size-large alignleft\" src=\"http:\/\/omsvillejuif.fr\/blog\/wp-content\/uploads\/2017\/06\/IMG_5649-1024x683.jpg\" alt=\"\" width=\"625\" height=\"417\" srcset=\"https:\/\/omsvillejuif.fr\/blog\/wp-content\/uploads\/2017\/06\/IMG_5649-1024x683.jpg 1024w, https:\/\/omsvillejuif.fr\/blog\/wp-content\/uploads\/2017\/06\/IMG_5649-300x200.jpg 300w, https:\/\/omsvillejuif.fr\/blog\/wp-content\/uploads\/2017\/06\/IMG_5649-768x512.jpg 768w, https:\/\/omsvillejuif.fr\/blog\/wp-content\/uploads\/2017\/06\/IMG_5649-624x416.jpg 624w\" sizes=\"auto, (max-width: 625px) 100vw, 625px\" \/><\/p>\n<p>&nbsp;<\/p>\n<p><strong>Contact<\/strong><\/p>\n<p>Alvaro Sequeira<br \/>\nPr\u00e9sident<br \/>\n<a title=\"Adresse Email du club\" href=\"mailto:usvb94@yahoo.fr\" target=\"_blank\" rel=\"noopener\"><img loading=\"lazy\" decoding=\"async\" class=\"alignnone wp-image-93\" src=\"http:\/\/omsvillejuif.fr\/blog\/wp-content\/uploads\/2017\/05\/Email.png\" alt=\"\" width=\"43\" height=\"43\" \/><\/a><a title=\"Num\u00e9ro de tel +33 6 09 72 67 65\" href=\"tel:+33609726765\"><img loading=\"lazy\" decoding=\"async\" class=\"alignnone wp-image-97\" src=\"http:\/\/omsvillejuif.fr\/blog\/wp-content\/uploads\/2017\/05\/telephone-1-300x300.png\" alt=\"\" width=\"43\" height=\"43\" srcset=\"https:\/\/omsvillejuif.fr\/blog\/wp-content\/uploads\/2017\/05\/telephone-1-300x300.png 300w, https:\/\/omsvillejuif.fr\/blog\/wp-content\/uploads\/2017\/05\/telephone-1-150x150.png 150w, https:\/\/omsvillejuif.fr\/blog\/wp-content\/uploads\/2017\/05\/telephone-1.png 392w\" sizes=\"auto, (max-width: 43px) 100vw, 43px\" \/><\/a><\/p>\n<p>&nbsp;<\/p>\n<p>&nbsp;<\/p>\n<p>&nbsp;<\/p>\n<p>&nbsp;<\/p>\n<p><strong>Descriptif de l\u2019association<\/strong><\/p>\n<p>Dans un club \u00e0 taille humaine, avec des entra\u00eeneurs de qualit\u00e9, humains et professionnels. Ce n\u2019est pas le hasard qui nous maintient dans le top 10 d\u00e9partemental toutes cat\u00e9gories confondues. De 9 \u00e0 30 ans, nous engageons chaque ann\u00e9e une \u00e9quipe dans chaque cat\u00e9gorie aussi bien en championnat masculin que f\u00e9minin. Ces r\u00e9sultats sont le fruit de l\u2019esprit d\u2019\u00e9quipe et de famille de ce club qui nous est cher, mais ils sont aussi dus \u00e0 la volont\u00e9 de l\u2019association de pr\u00e9senter et de permettre la d\u00e9couverte de l\u2019ensemble des facettes de ce sport\u00a0; que ce soit en tant que joueur, entra\u00eeneur, officiel de table de marque, arbitre ou encadrant. L\u2019alliance entre comp\u00e9tition et formation soude les adh\u00e9rents dans un esprit convivial et structurant par ses approches de la vie en communaut\u00e9. Notre volont\u00e9 demeure la m\u00eame\u00a0: convivialit\u00e9 et perfectionnement pour certains, comp\u00e9tition et s\u00e9lection pour d\u2019autres, mais divertissement et chaleur humaine pour tous. Si le basket vous tente, n\u2019h\u00e9sitez pas un instant.<\/p>\n<p><strong>Informations sp\u00e9cifiques<\/strong><\/p>\n<p>Afin de valider votre inscription \u00e0 notre association, ils vous faut imp\u00e9rativement\u00a0:<\/p>\n<ul>\n<li>Remplir int\u00e9gralement la demande de licence de la F\u00e9d\u00e9ration Fran\u00e7aise (FFBB) avec la partie m\u00e9dicale et \u00e9galement la partie assurance (\u00e0 t\u00e9l\u00e9charger sur <a href=\"http:\/\/www.usvb.fr\">usvb.fr<\/a>).<\/li>\n<li>Fournir deux photos d\u2019identit\u00e9s<\/li>\n<li>Fournir le montant total de l\u2019adh\u00e9sion et de l\u2019assurance.<\/li>\n<li>Remplir la fiche de renseignements m\u00e9dicaux<\/li>\n<\/ul>\n<p><em>Cotisations\u00a0:<br \/>\nDe 215\u20ac (mini-poussins) \u00e0 255\u20ac (seniors)<br \/>\n<\/em><\/p>\n<p><strong>Lieux d\u2019entra\u00eenements<\/strong><\/p>\n<p>Complexe sportif Guy Boniface. 32, avenue Louis Aragon<br \/>\nGymnase Louis Pasteur. 58, rue Pasteur<\/p>\n<p>&nbsp;<\/p>\n","protected":false},"excerpt":{"rendered":"<p>&nbsp; Contact Alvaro Sequeira Pr\u00e9sident &nbsp; &nbsp; &nbsp; &nbsp; Descriptif de l\u2019association Dans un club \u00e0 taille humaine, avec des entra\u00eeneurs de qualit\u00e9, humains et professionnels. Ce n\u2019est pas le hasard qui nous maintient dans le top 10 d\u00e9partemental toutes cat\u00e9gories confondues. De 9 \u00e0 30 ans, nous engageons chaque ann\u00e9e une \u00e9quipe dans chaque [&hellip;]<\/p>\n","protected":false},"author":3,"featured_media":0,"parent":105,"menu_order":0,"comment_status":"closed","ping_status":"closed","template":"page-templates\/full-width.php","meta":{"footnotes":""},"class_list":["post-218","page","type-page","status-publish","hentry"],"_links":{"self":[{"href":"https:\/\/omsvillejuif.fr\/blog\/wp-json\/wp\/v2\/pages\/218","targetHints":{"allow":["GET"]}}],"collection":[{"href":"https:\/\/omsvillejuif.fr\/blog\/wp-json\/wp\/v2\/pages"}],"about":[{"href":"https:\/\/omsvillejuif.fr\/blog\/wp-json\/wp\/v2\/types\/page"}],"author":[{"embeddable":true,"href":"https:\/\/omsvillejuif.fr\/blog\/wp-json\/wp\/v2\/users\/3"}],"replies":[{"embeddable":true,"href":"https:\/\/omsvillejuif.fr\/blog\/wp-json\/wp\/v2\/comments?post=218"}],"version-history":[{"count":9,"href":"https:\/\/omsvillejuif.fr\/blog\/wp-json\/wp\/v2\/pages\/218\/revisions"}],"predecessor-version":[{"id":1653,"href":"https:\/\/omsvillejuif.fr\/blog\/wp-json\/wp\/v2\/pages\/218\/revisions\/1653"}],"up":[{"embeddable":true,"href":"https:\/\/omsvillejuif.fr\/blog\/wp-json\/wp\/v2\/pages\/105"}],"wp:attachment":[{"href":"https:\/\/omsvillejuif.fr\/blog\/wp-json\/wp\/v2\/media?parent=218"}],"curies":[{"name":"wp","href":"https:\/\/api.w.org\/{rel}","templated":true}]}}

<p><img loading="lazy" decoding="async" class="wp-image-401 size-large alignleft" src="http://omsvillejuif.fr/blog/wp-content/uploads/2017/06/IMG_5649-1024x683.jpg" alt="" width="625" height="417" srcset="https://omsvillejuif.fr/blog/wp-content/uploads/2017/06/IMG_5649-1024x683.jpg 1024w, https://omsvillejuif.fr/blog/wp-content/uploads/2017/06/IMG_5649-300x200.jpg 300w, https://omsvillejuif.fr/blog/wp-content/uploads/2017/06/IMG_5649-768x512.jpg 768w, https://omsvillejuif.fr/blog/wp-content/uploads/2017/06/IMG_5649-624x416.jpg 624w" sizes="auto, (max-width: 625px) 100vw, 625px" /></p>
<p>&nbsp;</p>
<p><strong>Contact</strong></p>
<p>Alvaro Sequeira<br />
Président<br />
<a title="Adresse Email du club" href="mailto:usvb94@yahoo.fr" target="_blank" rel="noopener"><img loading="lazy" decoding="async" class="alignnone wp-image-93" src="http://omsvillejuif.fr/blog/wp-content/uploads/2017/05/Email.png" alt="" width="43" height="43" /></a><a title="Numéro de tel +33 6 09 72 67 65" href="tel:+33609726765"><img loading="lazy" decoding="async" class="alignnone wp-image-97" src="http://omsvillejuif.fr/blog/wp-content/uploads/2017/05/telephone-1-300x300.png" alt="" width="43" height="43" srcset="https://omsvillejuif.fr/blog/wp-content/uploads/2017/05/telephone-1-300x300.png 300w, https://omsvillejuif.fr/blog/wp-content/uploads/2017/05/telephone-1-150x150.png 150w, https://omsvillejuif.fr/blog/wp-content/uploads/2017/05/telephone-1.png 392w" sizes="auto, (max-width: 43px) 100vw, 43px" /></a></p>
<p>&nbsp;</p>
<p>&nbsp;</p>
<p>&nbsp;</p>
<p>&nbsp;</p>
<p><strong>Descriptif de l’association</strong></p>
<p>Dans un club à taille humaine, avec des entraîneurs de qualité, humains et professionnels. Ce n’est pas le hasard qui nous maintient dans le top 10 départemental toutes catégories confondues. De 9 à 30 ans, nous engageons chaque année une équipe dans chaque catégorie aussi bien en championnat masculin que féminin. Ces résultats sont le fruit de l’esprit d’équipe et de famille de ce club qui nous est cher, mais ils sont aussi dus à la volonté de l’association de présenter et de permettre la découverte de l’ensemble des facettes de ce sport ; que ce soit en tant que joueur, entraîneur, officiel de table de marque, arbitre ou encadrant. L’alliance entre compétition et formation soude les adhérents dans un esprit convivial et structurant par ses approches de la vie en communauté. Notre volonté demeure la même : convivialité et perfectionnement pour certains, compétition et sélection pour d’autres, mais divertissement et chaleur humaine pour tous. Si le basket vous tente, n’hésitez pas un instant.</p>
<p><strong>Informations spécifiques</strong></p>
<p>Afin de valider votre inscription à notre association, ils vous faut impérativement :</p>
<ul>
<li>Remplir intégralement la demande de licence de la Fédération Française (FFBB) avec la partie médicale et également la partie assurance (à télécharger sur <a href="http://www.usvb.fr">usvb.fr</a>).</li>
<li>Fournir deux photos d’identités</li>
<li>Fournir le montant total de l’adhésion et de l’assurance.</li>
<li>Remplir la fiche de renseignements médicaux</li>
</ul>
<p><em>Cotisations :<br />
De 215€ (mini-poussins) à 255€ (seniors)<br />
</em></p>
<p><strong>Lieux d’entraînements</strong></p>
<p>Complexe sportif Guy Boniface. 32, avenue Louis Aragon<br />
Gymnase Louis Pasteur. 58, rue Pasteur</p>
<p>&nbsp;</p>

<p>&nbsp; Contact Alvaro Sequeira Président &nbsp; &nbsp; &nbsp; &nbsp; Descriptif de l’association Dans un club à taille humaine, avec des entraîneurs de qualité, humains et professionnels. Ce n’est pas le hasard qui nous maintient dans le top 10 départemental toutes catégories confondues. De 9 à 30 ans, nous engageons chaque année une équipe dans chaque [&hellip;]</p>
