{"id":200,"date":"2017-06-10T12:48:13","date_gmt":"2017-06-10T10:48:13","guid":{"rendered":"http:\/\/omsvillejuif.fr\/blog\/?page_id=200"},"modified":"2018-08-31T12:01:00","modified_gmt":"2018-08-31T10:01:00","slug":"mcv-les-casoars","status":"publish","type":"page","link":"https:\/\/omsvillejuif.fr\/blog\/liste-des-clubs-adherents\/mcv-les-casoars\/","title":{"rendered":"MCV Les Casoars"},"content":{"rendered":"<p><img loading=\"lazy\" decoding=\"async\" class=\"alignleft wp-image-293 size-large\" src=\"http:\/\/omsvillejuif.fr\/blog\/wp-content\/uploads\/2017\/06\/13350315.bis_-1024x425.jpg\" alt=\"\" width=\"625\" height=\"259\" srcset=\"https:\/\/omsvillejuif.fr\/blog\/wp-content\/uploads\/2017\/06\/13350315.bis_-1024x425.jpg 1024w, https:\/\/omsvillejuif.fr\/blog\/wp-content\/uploads\/2017\/06\/13350315.bis_-300x125.jpg 300w, https:\/\/omsvillejuif.fr\/blog\/wp-content\/uploads\/2017\/06\/13350315.bis_-768x319.jpg 768w, https:\/\/omsvillejuif.fr\/blog\/wp-content\/uploads\/2017\/06\/13350315.bis_-624x259.jpg 624w, https:\/\/omsvillejuif.fr\/blog\/wp-content\/uploads\/2017\/06\/13350315.bis_.jpg 2048w\" sizes=\"auto, (max-width: 625px) 100vw, 625px\" \/><\/p>\n<p>&nbsp;<\/p>\n<p><strong>Contact<\/strong><\/p>\n<p>Claude Brochet<br \/>\nPr\u00e9sident<br \/>\n<a title=\"Adresse Email du club\" href=\"mailto:president.motoclubvillejuif@orange.fr\" target=\"_blank\" rel=\"noopener noreferrer\"><img loading=\"lazy\" decoding=\"async\" class=\"alignnone wp-image-93\" src=\"http:\/\/omsvillejuif.fr\/blog\/wp-content\/uploads\/2017\/05\/Email.png\" alt=\"\" width=\"43\" height=\"43\" \/><\/a><\/p>\n<p>&nbsp;<\/p>\n<p>&nbsp;<\/p>\n<p><strong>Descriptif de l\u2019association<\/strong><\/p>\n<p>Depuis son origine, ce club a pour objectif d\u2019encourager la pratique de la moto sous toutes ses formes\u00a0: utilitaire, tourisme, voyage \u00e0 moto, sport, comp\u00e9tition, m\u00e9canique, entretien, conseils aux d\u00e9butants, s\u00e9curit\u00e9 routi\u00e8re, d\u00e9fense des utilisateurs de deux-roues motoris\u00e9s.<br \/>\nSi plusieurs \u00e9quipes se sont succ\u00e9d\u00e9 \u00e0 la t\u00eate du Moto Club, ce sont toujours des passionn\u00e9s, amoureux de leurs machines, qui se retrouvent le vendredi soir pour discuter moto bien s\u00fbr mais surtout pour pr\u00e9parer les prochaines sorties \u00e0 moto.<br \/>\nDe la traditionnelle balade dominicale dans la vall\u00e9e de Chevreuse, au voyage en Irlande du Nord pour assister aux courses sur route, tous les pr\u00e9textes sont bons pour sortir les machines du garage et prendre l\u2019air ensemble.<br \/>\nLe MCV est ouvert \u00e0 tous les motards et motardes, quelle que soit la marque de leur moto, du scooter 125 deux temps \u00e0 la grosse Harley-Davidson, tous ont leur place au Moto club de Villejuif.<\/p>\n<p><strong>Informations sp\u00e9cifiques<\/strong><\/p>\n<p>Inscription sur place, au si\u00e8ge du club, 118 rue Youri Gagarine (\u00e0 c\u00f4t\u00e9 de la MPT G. Philipe).<br \/>\nFournir un permis de conduire.<br \/>\nLe Moto Club de Villejuif a f\u00eat\u00e9 ses 50 ans en 2018\u00a0!<\/p>\n<p><em>Cotisation de 35\u20ac par an<\/em><\/p>\n<p><strong>Lieux et horaires<\/strong><\/p>\n<p>Salle \u00e0 l\u2019ext\u00e9rieur de la Maison Pour Tous G\u00e9rard Philipe<br \/>\n118, rue Youri Gagarine<\/p>\n<p>R\u00e9union chaque vendredi au si\u00e8ge \u00e0 partir de 21h.<\/p>\n<p>&nbsp;<\/p>\n<p>&nbsp;<\/p>\n","protected":false},"excerpt":{"rendered":"<p>&nbsp; Contact Claude Brochet Pr\u00e9sident &nbsp; &nbsp; Descriptif de l\u2019association Depuis son origine, ce club a pour objectif d\u2019encourager la pratique de la moto sous toutes ses formes\u00a0: utilitaire, tourisme, voyage \u00e0 moto, sport, comp\u00e9tition, m\u00e9canique, entretien, conseils aux d\u00e9butants, s\u00e9curit\u00e9 routi\u00e8re, d\u00e9fense des utilisateurs de deux-roues motoris\u00e9s. Si plusieurs \u00e9quipes se sont succ\u00e9d\u00e9 \u00e0 [&hellip;]<\/p>\n","protected":false},"author":3,"featured_media":0,"parent":105,"menu_order":0,"comment_status":"closed","ping_status":"closed","template":"page-templates\/full-width.php","meta":{"footnotes":""},"class_list":["post-200","page","type-page","status-publish","hentry"],"_links":{"self":[{"href":"https:\/\/omsvillejuif.fr\/blog\/wp-json\/wp\/v2\/pages\/200","targetHints":{"allow":["GET"]}}],"collection":[{"href":"https:\/\/omsvillejuif.fr\/blog\/wp-json\/wp\/v2\/pages"}],"about":[{"href":"https:\/\/omsvillejuif.fr\/blog\/wp-json\/wp\/v2\/types\/page"}],"author":[{"embeddable":true,"href":"https:\/\/omsvillejuif.fr\/blog\/wp-json\/wp\/v2\/users\/3"}],"replies":[{"embeddable":true,"href":"https:\/\/omsvillejuif.fr\/blog\/wp-json\/wp\/v2\/comments?post=200"}],"version-history":[{"count":17,"href":"https:\/\/omsvillejuif.fr\/blog\/wp-json\/wp\/v2\/pages\/200\/revisions"}],"predecessor-version":[{"id":865,"href":"https:\/\/omsvillejuif.fr\/blog\/wp-json\/wp\/v2\/pages\/200\/revisions\/865"}],"up":[{"embeddable":true,"href":"https:\/\/omsvillejuif.fr\/blog\/wp-json\/wp\/v2\/pages\/105"}],"wp:attachment":[{"href":"https:\/\/omsvillejuif.fr\/blog\/wp-json\/wp\/v2\/media?parent=200"}],"curies":[{"name":"wp","href":"https:\/\/api.w.org\/{rel}","templated":true}]}}

<p><img loading="lazy" decoding="async" class="alignleft wp-image-293 size-large" src="http://omsvillejuif.fr/blog/wp-content/uploads/2017/06/13350315.bis_-1024x425.jpg" alt="" width="625" height="259" srcset="https://omsvillejuif.fr/blog/wp-content/uploads/2017/06/13350315.bis_-1024x425.jpg 1024w, https://omsvillejuif.fr/blog/wp-content/uploads/2017/06/13350315.bis_-300x125.jpg 300w, https://omsvillejuif.fr/blog/wp-content/uploads/2017/06/13350315.bis_-768x319.jpg 768w, https://omsvillejuif.fr/blog/wp-content/uploads/2017/06/13350315.bis_-624x259.jpg 624w, https://omsvillejuif.fr/blog/wp-content/uploads/2017/06/13350315.bis_.jpg 2048w" sizes="auto, (max-width: 625px) 100vw, 625px" /></p>
<p>&nbsp;</p>
<p><strong>Contact</strong></p>
<p>Claude Brochet<br />
Président<br />
<a title="Adresse Email du club" href="mailto:president.motoclubvillejuif@orange.fr" target="_blank" rel="noopener noreferrer"><img loading="lazy" decoding="async" class="alignnone wp-image-93" src="http://omsvillejuif.fr/blog/wp-content/uploads/2017/05/Email.png" alt="" width="43" height="43" /></a></p>
<p>&nbsp;</p>
<p>&nbsp;</p>
<p><strong>Descriptif de l’association</strong></p>
<p>Depuis son origine, ce club a pour objectif d’encourager la pratique de la moto sous toutes ses formes : utilitaire, tourisme, voyage à moto, sport, compétition, mécanique, entretien, conseils aux débutants, sécurité routière, défense des utilisateurs de deux-roues motorisés.<br />
Si plusieurs équipes se sont succédé à la tête du Moto Club, ce sont toujours des passionnés, amoureux de leurs machines, qui se retrouvent le vendredi soir pour discuter moto bien sûr mais surtout pour préparer les prochaines sorties à moto.<br />
De la traditionnelle balade dominicale dans la vallée de Chevreuse, au voyage en Irlande du Nord pour assister aux courses sur route, tous les prétextes sont bons pour sortir les machines du garage et prendre l’air ensemble.<br />
Le MCV est ouvert à tous les motards et motardes, quelle que soit la marque de leur moto, du scooter 125 deux temps à la grosse Harley-Davidson, tous ont leur place au Moto club de Villejuif.</p>
<p><strong>Informations spécifiques</strong></p>
<p>Inscription sur place, au siège du club, 118 rue Youri Gagarine (à côté de la MPT G. Philipe).<br />
Fournir un permis de conduire.<br />
Le Moto Club de Villejuif a fêté ses 50 ans en 2018 !</p>
<p><em>Cotisation de 35€ par an</em></p>
<p><strong>Lieux et horaires</strong></p>
<p>Salle à l’extérieur de la Maison Pour Tous Gérard Philipe<br />
118, rue Youri Gagarine</p>
<p>Réunion chaque vendredi au siège à partir de 21h.</p>
<p>&nbsp;</p>
<p>&nbsp;</p>

<p>&nbsp; Contact Claude Brochet Président &nbsp; &nbsp; Descriptif de l’association Depuis son origine, ce club a pour objectif d’encourager la pratique de la moto sous toutes ses formes : utilitaire, tourisme, voyage à moto, sport, compétition, mécanique, entretien, conseils aux débutants, sécurité routière, défense des utilisateurs de deux-roues motorisés. Si plusieurs équipes se sont succédé à [&hellip;]</p>
